{"id":642,"date":"2021-01-08T01:08:48","date_gmt":"2021-01-08T01:08:48","guid":{"rendered":"http:\/\/sbsz-hildburghausen.de\/?page_id=642"},"modified":"2022-01-23T20:32:03","modified_gmt":"2022-01-23T20:32:03","slug":"schulsozialarbeiterin","status":"publish","type":"page","link":"https:\/\/sbsz-hildburghausen.de\/index.php\/kontakt\/schulsozialarbeiterin\/","title":{"rendered":"Schulsozialarbeiterin"},"content":{"rendered":"\n<div class=\"wp-block-image\"><figure class=\"aligncenter size-large\"><img loading=\"lazy\" decoding=\"async\" width=\"176\" height=\"247\" src=\"http:\/\/sbsz-hildburghausen.de\/wp-content\/uploads\/2021\/01\/Schulsozialarbeiterin.jpg\" alt=\"\" class=\"wp-image-646\"\/><\/figure><\/div>\n\n\n\n<p>Diana Hofmann verst\u00e4rkt unser Kollegium in einem wichtigen Bereich: der Schulsozialarbeit. Von Montag bis Donnerstag, jeweils 7:00 bis 15:00 Uhr, k\u00f6nnen Sch\u00fclerinnen und Sch\u00fcler aller Klassen zu einem Gespr\u00e4ch mit ihr kommen. Sie bietet Hilfe bei Schulproblemen, Praktikumssuche, Problemen mit dem Ausbildungsbetrieb, Stress mit den Eltern, Lernschwierigkeiten oder Schulm\u00fcdigkeit. Au\u00dferdem hilft sie beim Ausf\u00fcllen von Formularen, Beh\u00f6rdeng\u00e4ngen, Geldsorgen, Mobbing, Problemen mit Drogen und Alkohol und vielen anderen Fragen. Es gibt so viele Dinge, die einem das Leben schwer machen, aber Frau Hofmann wird sich dieser Probleme mit aller Kraft annehmen und jedem ihre Hilfe anbieten, der das m\u00f6chte. Wichtig ist, dass alle Gespr\u00e4che der Schweigepflicht unterliegen. Nat\u00fcrlich k\u00f6nnen sich auch Eltern an sie wenden, und Lehrkr\u00e4fte sind auch eingeladen, sie um Rat zu fragen.<\/p>\n\n\n\n<h4 class=\"wp-block-heading\">Sie erhalten Hilfe bei:<\/h4>\n\n\n\n<ul class=\"wp-block-list\"><li>Schulproblemen<\/li><li>Praktikumssuche<\/li><li>Problemen mit dem Ausbildungsbetrieb<\/li><li>Lehrstellensuche<\/li><li>Stress mit Eltern<\/li><li>Lernschwierigkeiten<\/li><li>Schulm\u00fcdigkeit<\/li><li>Ausf\u00fcllen von Formularen<\/li><li>Beh\u00f6rdeng\u00e4ngen<\/li><li>Geldsorgen \/ Schulden<\/li><li>Problemen mit Drogen und anderen S\u00fcchten<\/li><li>Fragen zum Lebensunterhalt<\/li><li>Wohnungssuche<\/li><li>Mobbing<\/li><li>Allgemeinen Lebenskrisen<\/li><li>Schwangerschaft \/ Elternschaft<\/li><\/ul>\n\n\n\n<p>und bei allen Dingen, die Ihnen das Leben schwer machen.<\/p>\n\n\n\n<h4 class=\"wp-block-heading\">Grundsatz<\/h4>\n\n\n\n<p>Alle Gespr\u00e4che unterliegen der Schweigepflicht! Auch Eltern k\u00f6nnen sich jederzeit an sie wenden.<\/p>\n\n\n\n<h4 class=\"wp-block-heading\">Sprechzeiten, Kontakt<\/h4>\n\n\n\n<figure class=\"wp-block-table\"><table><tbody><tr><td>Sprechzeiten<\/td><td>Montag bis Donnerstag<br>07:00 &#8211; 15:00 Uhr<\/td><\/tr><tr><td>Dienst-Mobiltelefon<\/td><td>01712991715<\/td><\/tr><tr><td>Dienst-Festnetztelefon<\/td><td>03685 679-1262<\/td><\/tr><tr><td>eMail<\/td><td><a href=\"mailto:d.hofmann@sbsz-hildburghausen.de\" rel=\"nofollow\">d.hofmann@sbsz-hildburghausen.de<\/a><\/td><\/tr><\/tbody><\/table><\/figure>\n","protected":false},"excerpt":{"rendered":"<p>Diana Hofmann verst\u00e4rkt unser Kollegium in einem wichtigen Bereich: der Schulsozialarbeit. Von Montag bis Donnerstag, jeweils 7:00 bis 15:00 Uhr, k\u00f6nnen Sch\u00fclerinnen und Sch\u00fcler aller Klassen zu einem Gespr\u00e4ch mit ihr kommen. Sie bietet Hilfe bei Schulproblemen, Praktikumssuche, Problemen mit dem Ausbildungsbetrieb, Stress mit den Eltern, Lernschwierigkeiten oder Schulm\u00fcdigkeit. Au\u00dferdem hilft sie beim Ausf\u00fcllen von [&hellip;]<\/p>\n","protected":false},"author":2,"featured_media":0,"parent":26,"menu_order":3,"comment_status":"closed","ping_status":"closed","template":"","meta":{"_acf_changed":false,"footnotes":""},"class_list":["post-642","page","type-page","status-publish","hentry"],"acf":[],"aioseo_notices":[],"jetpack_sharing_enabled":true,"_links":{"self":[{"href":"https:\/\/sbsz-hildburghausen.de\/index.php\/wp-json\/wp\/v2\/pages\/642","targetHints":{"allow":["GET"]}}],"collection":[{"href":"https:\/\/sbsz-hildburghausen.de\/index.php\/wp-json\/wp\/v2\/pages"}],"about":[{"href":"https:\/\/sbsz-hildburghausen.de\/index.php\/wp-json\/wp\/v2\/types\/page"}],"author":[{"embeddable":true,"href":"https:\/\/sbsz-hildburghausen.de\/index.php\/wp-json\/wp\/v2\/users\/2"}],"replies":[{"embeddable":true,"href":"https:\/\/sbsz-hildburghausen.de\/index.php\/wp-json\/wp\/v2\/comments?post=642"}],"version-history":[{"count":3,"href":"https:\/\/sbsz-hildburghausen.de\/index.php\/wp-json\/wp\/v2\/pages\/642\/revisions"}],"predecessor-version":[{"id":1202,"href":"https:\/\/sbsz-hildburghausen.de\/index.php\/wp-json\/wp\/v2\/pages\/642\/revisions\/1202"}],"up":[{"embeddable":true,"href":"https:\/\/sbsz-hildburghausen.de\/index.php\/wp-json\/wp\/v2\/pages\/26"}],"wp:attachment":[{"href":"https:\/\/sbsz-hildburghausen.de\/index.php\/wp-json\/wp\/v2\/media?parent=642"}],"curies":[{"name":"wp","href":"https:\/\/api.w.org\/{rel}","templated":true}]}}