{"id":33,"date":"2020-04-19T17:47:35","date_gmt":"2020-04-19T17:47:35","guid":{"rendered":"http:\/\/sbsz-hildburghausen.de\/?page_id=33"},"modified":"2021-01-23T13:19:27","modified_gmt":"2021-01-23T13:19:27","slug":"partner","status":"publish","type":"page","link":"https:\/\/sbsz-hildburghausen.de\/index.php\/partner\/","title":{"rendered":"Partner"},"content":{"rendered":"\n<h4 class=\"wp-block-heading\">Unsere Sponsoren<\/h4>\n\n\n\n<p>Eine Schule wie wir, die jeden Tag viele unterschiedliche Aufgaben zu erledigen hat, freut sich besonders, wenn Betriebe der Region sie ideell und materiell unterst\u00fctzen.<\/p>\n\n\n\n<h5 class=\"wp-block-heading\"><a href=\"https:\/\/www.wegra-anlagenbau.de\/\">WEGRA Anlagenbau GmbH Westenfeld<\/a><\/h5>\n\n\n\n<div class=\"wp-block-media-text alignwide is-stacked-on-mobile\"><figure class=\"wp-block-media-text__media\"><img loading=\"lazy\" decoding=\"async\" width=\"1024\" height=\"417\" src=\"http:\/\/sbsz-hildburghausen.de\/wp-content\/uploads\/2021\/01\/WEGRA-1-1024x417.png\" alt=\"\" class=\"wp-image-716 size-full\" srcset=\"https:\/\/sbsz-hildburghausen.de\/wp-content\/uploads\/2021\/01\/WEGRA-1-1024x417.png 1024w, https:\/\/sbsz-hildburghausen.de\/wp-content\/uploads\/2021\/01\/WEGRA-1-300x122.png 300w, https:\/\/sbsz-hildburghausen.de\/wp-content\/uploads\/2021\/01\/WEGRA-1-768x313.png 768w, https:\/\/sbsz-hildburghausen.de\/wp-content\/uploads\/2021\/01\/WEGRA-1-1536x626.png 1536w, https:\/\/sbsz-hildburghausen.de\/wp-content\/uploads\/2021\/01\/WEGRA-1.png 1708w\" sizes=\"auto, (max-width: 1024px) 100vw, 1024px\" \/><\/figure><div class=\"wp-block-media-text__content\">\n<p>Die Firma <a href=\"https:\/\/www.wegra-anlagenbau.de\/\" rel=\"nofollow\">WEGRA Anlagenbau GmbH Westenfeld<\/a> nimmt regelm\u00e4\u00dfig an Informationsveranstaltung in unseren H\u00e4usern teil. Im Jahre 2014 spendete sie Geld f\u00fcr die Anschaffung eines gro\u00dffl\u00e4chigen Monitors, auf dem die aktuellen Vertretungspl\u00e4ne angezeigt werden. Wir danken der Firma recht herzlich daf\u00fcr!<\/p>\n<\/div><\/div>\n\n\n\n<h4 class=\"wp-block-heading\">Unsere Partner in Europa<\/h4>\n\n\n\n<p>Wir sind seit 2003 anerkannte <a href=\"https:\/\/bildung.thueringen.de\/international\/schulen\/europa\/\" rel=\"nofollow\">Europaschule<\/a> und d\u00fcrfen diesen Namenszusatz inzwischen auf Dauer tragen. Um diese Qualifizierung zu erhalten, mussten und m\u00fcssen wir belegen, dass Europa f\u00fcr uns weit mehr ist als nur eine Partnerschaft pflegen. In zahlreichen Aktivit\u00e4ten haben wir seit \u00fcber zehn Jahren an vielen Veranstaltungen teilgenommen, in denen wir Themen zu und \u00fcber Europa behandelten.<\/p>\n\n\n\n<p>Wir sind daher Teil des Netzwerks Europa und sehen es als unsere Pflicht an, immer wieder neue Verkn\u00fcpfungen in diesem Netz zu suchen und auszubauen.<\/p>\n\n\n\n<p>Es bestehen langj\u00e4hrige Partnerschaften mit Frankreich (Le Havre) und Norwegen (Andalsnes). Mehr dazu erfahren Sie demn\u00e4chst.<\/p>\n\n\n\n<h4 class=\"wp-block-heading\"> Besuch aus Litauen<\/h4>\n\n\n\n<div class=\"wp-block-jetpack-slideshow aligncenter\" data-effect=\"slide\"><div class=\"wp-block-jetpack-slideshow_container swiper-container\"><ul class=\"wp-block-jetpack-slideshow_swiper-wrapper swiper-wrapper\"><li class=\"wp-block-jetpack-slideshow_slide swiper-slide\"><figure><img loading=\"lazy\" decoding=\"async\" width=\"617\" height=\"487\" alt=\"\" class=\"wp-block-jetpack-slideshow_image wp-image-614\" data-id=\"614\" src=\"http:\/\/sbsz-hildburghausen.de\/wp-content\/uploads\/2021\/01\/Partner.1.png\" srcset=\"https:\/\/sbsz-hildburghausen.de\/wp-content\/uploads\/2021\/01\/Partner.1.png 617w, https:\/\/sbsz-hildburghausen.de\/wp-content\/uploads\/2021\/01\/Partner.1-300x237.png 300w\" sizes=\"(max-width: 617px) 100vw, 617px\" \/><\/figure><\/li><li class=\"wp-block-jetpack-slideshow_slide swiper-slide\"><figure><img loading=\"lazy\" decoding=\"async\" width=\"762\" height=\"571\" alt=\"\" class=\"wp-block-jetpack-slideshow_image wp-image-615\" data-id=\"615\" src=\"http:\/\/sbsz-hildburghausen.de\/wp-content\/uploads\/2021\/01\/Partner.2.png\" srcset=\"https:\/\/sbsz-hildburghausen.de\/wp-content\/uploads\/2021\/01\/Partner.2.png 762w, https:\/\/sbsz-hildburghausen.de\/wp-content\/uploads\/2021\/01\/Partner.2-300x225.png 300w\" sizes=\"(max-width: 762px) 100vw, 762px\" \/><\/figure><\/li><\/ul><a class=\"wp-block-jetpack-slideshow_button-prev swiper-button-prev swiper-button-white\" role=\"button\"><\/a><a class=\"wp-block-jetpack-slideshow_button-next swiper-button-next swiper-button-white\" role=\"button\"><\/a><a aria-label=\"Pause Slideshow\" class=\"wp-block-jetpack-slideshow_button-pause\" role=\"button\"><\/a><div class=\"wp-block-jetpack-slideshow_pagination swiper-pagination swiper-pagination-white\"><\/div><\/div><\/div>\n\n\n\n<p>Am Dienstag, dem 22.02.2011, besuchte uns eine Gruppe aus 15 Berufsschullehrern aus Litauen. Auf einem Rundgang durch unser Haus 1 begeisterte sie der hohe Standard unserer technischen Ausstattung unserer Fachkabinette. Ihnen fiel besonders die gute Disziplin und Freundlichkeit unserer Auszubildenden auf. Zusammen mit der damaligen Abteilungsleiterin und heutigen Schulleiterin, Frau M\u00fcller, und Herrn Fritz sprachen sie anschlie\u00dfend \u00fcber verschiedene Themen. So interessierten sie sich besonders f\u00fcr das duale System der Berufsausbildung in Deutschland und auch f\u00fcr die Ausbildung und den Werdegang eines Berufsschullehrers. Unsere litauischen G\u00e4ste bekundeten auch ihr gro\u00dfes Interesse an einer Partnerschaft mit unserer Schule.<\/p>\n\n\n\n<h4 class=\"wp-block-heading\"> Besuch aus Belarus<\/h4>\n\n\n\n<figure class=\"wp-block-image size-large\"><img loading=\"lazy\" decoding=\"async\" width=\"1024\" height=\"683\" src=\"http:\/\/sbsz-hildburghausen.de\/wp-content\/uploads\/2021\/01\/Belarus-1024x683.jpg\" alt=\"\" class=\"wp-image-616\" srcset=\"https:\/\/sbsz-hildburghausen.de\/wp-content\/uploads\/2021\/01\/Belarus-1024x683.jpg 1024w, https:\/\/sbsz-hildburghausen.de\/wp-content\/uploads\/2021\/01\/Belarus-300x200.jpg 300w, https:\/\/sbsz-hildburghausen.de\/wp-content\/uploads\/2021\/01\/Belarus-768x512.jpg 768w, https:\/\/sbsz-hildburghausen.de\/wp-content\/uploads\/2021\/01\/Belarus-1536x1024.jpg 1536w, https:\/\/sbsz-hildburghausen.de\/wp-content\/uploads\/2021\/01\/Belarus-2048x1365.jpg 2048w\" sizes=\"auto, (max-width: 1024px) 100vw, 1024px\" \/><figcaption>Belarus 2019<\/figcaption><\/figure>\n\n\n\n<p>Unter dem diesj\u00e4hrigen Thema &#8222;Sport verbindet&#8220; fand zum sechsten Mal der Austausch zwischen 30 Sch\u00fclern des Beruflichen Gymnasiums in Hildburghausen und des Gymnasiums in Glubokoje statt.<\/p>\n\n\n\n<p>Am Freitag, dem 14.06.2019, begann der Austausch mit Ankunft der wei\u00dfrussischen Sch\u00fcler in Hildburghausen und einem gemeinsamen Mittagessen in der Schulcafeteria. Danach startete das individuell geplante Wochenende in den deutschen Gastfamilien.<\/p>\n\n\n\n<p>Getreu des diesj\u00e4hrigen Mottos begann der Montag mit einem Bubble- Fu\u00dfballturnier, dabei wurde die Kommunikation untereinander angeregt. Anschlie\u00dfend fand ein Treffen mit dem Landrat, Thomas M\u00fcller, im Landratsamt Hildburghausen statt. Er sprach hierbei \u00fcber den Landkreis sowie die deutsche Sozialstruktur und weltweite Probleme. Auch auf Fragen seitens der Sch\u00fcler ging er ausf\u00fchrlich ein, wof\u00fcr wir uns recht herzlich bedanken wollen. Im Anschluss gingen wir gemeinsam ins Freibad Hildburghausen.<\/p>\n\n\n\n<p>Unsere Landeshauptstadt Erfurt besuchten wir am Dienstag. Als erstes bet\u00e4tigten wir uns sportlich im dortigen Jump Park. Danach fand eine Besichtigung des Elitesportgymnasiums und Steigerwaldstadions statt. Im Stadion sahen wir unter anderem auch die Kabine des Heimvereins Rot-Wei\u00df-Erfurt. F\u00fcr die Erm\u00f6glichung der kostenlosen Besichtigungen m\u00f6chten wir uns hiermit im Namen der Sch\u00fcler und Lehrkr\u00e4fte bedanken.<\/p>\n\n\n\n<p>Am Mittwoch f\u00fchrten wir die j\u00e4hrliche Pflege der Gedenkst\u00e4tten des Arbeitserziehungslagers auf dem gro\u00dfen Gleichberg durch. Die jungen Generationen sollen dabei auf die Geschehnisse w\u00e4hrend des Zweiten Weltkrieges aufmerksam gemacht werden und den Gefallenen gedenken. Wir bedanken uns bei der Stadt R\u00f6mhild f\u00fcr die Bereitstellung der Werkzeuge und bei Herrn Ralf Reiner K\u00f6nig. Ein gro\u00dfer Dank gilt auch der Gastst\u00e4tte &#8222;Waldhaus&#8220;, welche uns nach Beendigung der Arbeit ein Mittagessen und Freigetr\u00e4nke sponserte.<\/p>\n\n\n\n<p>Der Klettergarten in Kloster Banz war unser erstes Ziel am Donnerstag. Im Anschluss daran besuchten wir das Schloss &#8222;Ehrenburg&#8220; in Coburg. Dort wurde uns die deutsch-englische Geschichte und deren Beziehung zueinander n\u00e4hergebracht.<\/p>\n\n\n\n<p>Den wei\u00dfrussischen Sch\u00fclern wurde am Freitag erm\u00f6glicht, vier Stunden am Unterrichtsgeschehen teilzunehmen. In den darauffolgenden Stunden bereiteten alle beteiligten\u00a0 Sch\u00fcler und Lehrer den Abschlussabend f\u00fcr die Gasteltern vor, woraufhin am Abend auch ein Abschlussessen mit allen Beteiligten stattfand. Am Samstag verabschiedeten wir dann unsere G\u00e4ste in Hildburghausen.<\/p>\n\n\n\n<p>Wir bedanken uns recht herzlich bei den Sponsoren Dickie Tamiya f\u00fcr die Kuscheltiere, Brauerei Gessner in Sonneberg, Markgrafen Getr\u00e4nkemarkt in Eisfeld und Brauerei Metzler in Dingsleben f\u00fcr die Bereitstellung von Getr\u00e4nken.<\/p>\n\n\n\n<p>Ein gro\u00dfer Dank gilt auch den Lehrern und allen Organisatoren f\u00fcr die Erm\u00f6glichung dieses Austauschs.<\/p>\n\n\n\n<p class=\"has-text-align-center\"><span class=\"has-inline-color has-cyan-bluish-gray-color\">Sch\u00fclerbericht von Lea Jakob und Felizitas Hopf<\/span><\/p>\n\n\n\n<h4 class=\"wp-block-heading\">Ausbildungspartner in unserer Region S\u00fcdth\u00fcringen<\/h4>\n\n\n\n<p>Eine Berufsschule ben\u00f6tigt nat\u00fcrlich Betriebe, in denen unsere Auszubildenden den betrieblichen Teil ihrer Ausbildung absolvieren. Sie finden diese Betriebe nicht nur im Landkreis Hildburghausen, sondern auch in den angrenzenden Landkreisen Sonneberg, Schmalkalden-Meiningen, Ilmkreis, Wartburgkreis und der Stadt Suhl. Bei einigen Berufen kommen die Auszubildenden auch von weiter her.<\/p>\n\n\n\n<p>Wir haben aber schon lange uns mit den Betrieben, der IHK und der Handwerkskammer S\u00fcdth\u00fcringen zusammengeschlossen, um die Ausbildung an unserem Standort zu optimieren. Dar\u00fcber hinaus gehen immer wieder Sch\u00fclerinnen und Sch\u00fcler aus den Wahlschulformen zu einem Praktikum in diese Betriebe. Die Betriebe wiederum finden in uns den Ansprechpartner f\u00fcr Fragen in Ausbildung, Theorie und Praxis.<\/p>\n\n\n\n<p>Bei den Pr\u00fcfungen unserer Auszubildenden wirken alle Partner zusammen, um auch hier den Ausbildungserfolg zu sichern.<\/p>\n\n\n\n<h4 class=\"wp-block-heading\" id=\"block-ffa55ceb-f03b-4e54-b157-eaf107623c1d\">\u00dcberbetriebliche Ausbildungspartner in unserer Region S\u00fcdth\u00fcringen<\/h4>\n\n\n\n<p>Wir arbeiten schon lange mit Bildungstr\u00e4gern zusammen, die sich auf die Ausbildung von Jugendlichen spezialisiert haben. Zum gegenw\u00e4rtigen Zeitpunkt sind das die folgenden Bildungstr\u00e4ger:<\/p>\n\n\n\n<ul class=\"wp-block-list\"><li><a href=\"https:\/\/www.hbz-hildburghausen.de\/\" rel=\"nofollow\">Hildburgh\u00e4user Bildungszentrum (HBZ)<\/a> mit Ausbildungszentrum Eisfeld<br>Breiter Rasen 4<br>98646 Hildburghausen<\/li><li><a href=\"https:\/\/www.landkreis-hildburghausen.de\/Landkreis\/Bildung\/and-Bildungseinrichtungen\/Das-S%C3%BCdth%C3%BCringer-Bildungszentrum-Holz-e-V-Kloster-Ve%C3%9Fra.php?object=tx,2902.5&amp;ModID=7&amp;FID=2902.161.1&amp;NavID=2902.62&amp;La=1\" rel=\"nofollow\">S\u00fcdth\u00fcringer Bildungszentrum Holz Kloster Ve\u00dfra e. V.<\/a><br>Fabrikstr. 24<br>98660 Kloster Ve\u00dfra<\/li><li><a href=\"https:\/\/bsi-schweinfurt.de\/\" rel=\"nofollow\">Bildungs- und Schulungsinstitut gGmbH (BSI)<\/a><br>Waldstr. 9<br>98646 Hildburghausen<\/li><li><a href=\"https:\/\/www.reha-schleusingen.de\/\" rel=\"nofollow\">Stiftung Rehabilitationszentrum Th\u00fcringer Wald<\/a><br>Hildburgh\u00e4user Str. 36<br>98553 Schleusingen<\/li><\/ul>\n\n\n\n<h4 class=\"wp-block-heading\">Weitere Partner<\/h4>\n\n\n\n<ul class=\"wp-block-list\"><li><strong>Schultr\u00e4ger<\/strong><br>Landratsamt Hildburghausen<br>Wiesenstr. 18<br>98646 Hildburghausen<br><a href=\"http:\/\/www.landkreis-hildburghausen.de\">www.landkreis-hildburghausen.de<\/a><\/li><\/ul>\n\n\n\n<ul class=\"wp-block-list\"><li><strong>Schulamt<\/strong><br>Staatliches Schulamt S\u00fcdth\u00fcringen<br>H\u00f6lderlinstr. 1<br>98527 Suhl<br><a href=\"http:\/\/www.schulamt-suedthueringen.de\">www.schulamt-suedthueringen.de<\/a><\/li><\/ul>\n\n\n\n<ul class=\"wp-block-list\"><li><strong>Ministerium<\/strong><br>Th\u00fcringer Ministerium f\u00fcr Bildung, Wissenschaft und Kultur<br>Werner-Seelenbinder-Stra\u00dfe 7<br>99096 Erfurt<br><a href=\"http:\/\/www.tmbjs.de\/\" rel=\"nofollow\">www.tmbjs.de\/<\/a><\/li><\/ul>\n\n\n\n<ul class=\"wp-block-list\"><li><strong>Th\u00fcringer Schulportal<\/strong><br>Th\u00fcringer Institut f\u00fcr Lehrerfortbildung, Lehrplanentwicklung und Medien (ThILLM)<br>Heinrich-Heine-Allee 2<br>99438 Bad Berka<br><a href=\"http:\/\/www.schulportal-thueringen.de\/start\" target=\"_blank\" rel=\"noreferrer noopener\">www.schulportal-thueringen.de\/start<\/a><\/li><\/ul>\n","protected":false},"excerpt":{"rendered":"<p>Unsere Sponsoren Eine Schule wie wir, die jeden Tag viele unterschiedliche Aufgaben zu erledigen hat, freut sich besonders, wenn Betriebe der Region sie ideell und materiell unterst\u00fctzen. WEGRA Anlagenbau GmbH Westenfeld Die Firma WEGRA Anlagenbau GmbH Westenfeld nimmt regelm\u00e4\u00dfig an Informationsveranstaltung in unseren H\u00e4usern teil. Im Jahre 2014 spendete sie Geld f\u00fcr die Anschaffung eines [&hellip;]<\/p>\n","protected":false},"author":1,"featured_media":0,"parent":0,"menu_order":0,"comment_status":"closed","ping_status":"closed","template":"","meta":{"_acf_changed":false,"footnotes":""},"class_list":["post-33","page","type-page","status-publish","hentry"],"acf":[],"aioseo_notices":[],"jetpack_sharing_enabled":true,"_links":{"self":[{"href":"https:\/\/sbsz-hildburghausen.de\/index.php\/wp-json\/wp\/v2\/pages\/33","targetHints":{"allow":["GET"]}}],"collection":[{"href":"https:\/\/sbsz-hildburghausen.de\/index.php\/wp-json\/wp\/v2\/pages"}],"about":[{"href":"https:\/\/sbsz-hildburghausen.de\/index.php\/wp-json\/wp\/v2\/types\/page"}],"author":[{"embeddable":true,"href":"https:\/\/sbsz-hildburghausen.de\/index.php\/wp-json\/wp\/v2\/users\/1"}],"replies":[{"embeddable":true,"href":"https:\/\/sbsz-hildburghausen.de\/index.php\/wp-json\/wp\/v2\/comments?post=33"}],"version-history":[{"count":26,"href":"https:\/\/sbsz-hildburghausen.de\/index.php\/wp-json\/wp\/v2\/pages\/33\/revisions"}],"predecessor-version":[{"id":820,"href":"https:\/\/sbsz-hildburghausen.de\/index.php\/wp-json\/wp\/v2\/pages\/33\/revisions\/820"}],"wp:attachment":[{"href":"https:\/\/sbsz-hildburghausen.de\/index.php\/wp-json\/wp\/v2\/media?parent=33"}],"curies":[{"name":"wp","href":"https:\/\/api.w.org\/{rel}","templated":true}]}}