{"id":2606,"date":"2025-06-26T06:17:26","date_gmt":"2025-06-26T06:17:26","guid":{"rendered":"http:\/\/sbsz-hildburghausen.de\/?page_id=2606"},"modified":"2025-06-26T06:21:27","modified_gmt":"2025-06-26T06:21:27","slug":"bereich-lagerlogistik","status":"publish","type":"page","link":"https:\/\/sbsz-hildburghausen.de\/index.php\/bildungsangebot\/berufsschule\/bereich-lagerlogistik\/","title":{"rendered":"Bereich Lagerlogistik"},"content":{"rendered":"\n<h4 class=\"wp-block-heading\">3-j\u00e4hrige Ausbildungsg\u00e4nge<\/h4>\n\n\n\n<ul class=\"wp-block-list\">\n<li>Fachkraft f\u00fcr Lagerlogistik<\/li>\n\n\n\n<li>Fachpraktiker*in f\u00fcr Lagerlogistik (nach erfolgreichem Abschluss M\u00f6glichkeit zur Verl\u00e4ngerung zur Fachlageristin\/zum Fachlagerist)<\/li>\n<\/ul>\n\n\n\n<h4 class=\"wp-block-heading\">2-j\u00e4hriger Ausbildungsgang:<\/h4>\n\n\n\n<p>Fachlagerist*in (nach erfolgreichem Abschluss M\u00f6glichkeit zur Verl\u00e4ngerung zur Fachkraft f\u00fcr Lagerlogistik)<\/p>\n\n\n\n<h4 class=\"wp-block-heading\"><strong>Zugangsvoraussetzung<\/strong><\/h4>\n\n\n\n<p>Ausbildungsvertrag mit einem Unternehmen (Industrie, Handwerk)<br><strong>Anmeldung<\/strong><\/p>\n\n\n\n<p>Nach Eintragung durch die zust\u00e4ndige Stelle in das Ausbildungsverzeichnis meldet der Ausbildungsbetrieb bzw. die Ausbildungsbeh\u00f6rde den Auszubildenden oder die Auszubildende bei der Berufsschule an.<br><strong>Unterrichtsorganisation<\/strong><\/p>\n\n\n\n<ul class=\"wp-block-list\">\n<li>Vorgesehen sind gem\u00e4\u00df der Stundentafel 37 Unterrichtsstunden pro Unterrichtswoche, davon 8 Stunden allgemeinbildender Unterricht und 29 Stunden Fachunterricht.<\/li>\n\n\n\n<li>Der Fachunterricht gliedert sich in Lernfelder:\n<ul class=\"wp-block-list\">\n<li>Fachkraft f\u00fcr Lagerlogistik: 14 Lernfelder verteilt auf 3 Lehrjahrjahre<\/li>\n\n\n\n<li>Fachpraktiker*in f\u00fcr Lagerlogistik: 9 Lernfelder verteilt auf 3 Lehrjahre<\/li>\n\n\n\n<li>Fachlagerist*in: 9 Lernfelder verteilt auf 2 Lehrjahre<\/li>\n<\/ul>\n<\/li>\n<\/ul>\n\n\n\n<h4 class=\"wp-block-heading\"><strong>Organisationsform<\/strong><\/h4>\n\n\n\n<p>Blockunterricht<br><strong>Pr\u00fcfungen<\/strong><\/p>\n\n\n\n<ul class=\"wp-block-list\">\n<li>Organisation durch die zust\u00e4ndigen Kammern<\/li>\n\n\n\n<li>Zwischenpr\u00fcfung: Diese findet nach Ablauf der H\u00e4lfte der Ausbildungszeit statt. Die Teilnahme an der Zwischenpr\u00fcfung ist Voraussetzung f\u00fcr die Zulassung zur Abschlusspr\u00fcfung.<\/li>\n\n\n\n<li>Abschlusspr\u00fcfung: Diese Pr\u00fcfung findet am Ende der Ausbildung statt.<\/li>\n<\/ul>\n\n\n\n<h4 class=\"wp-block-heading\"><strong>Zeugnisse<\/strong><\/h4>\n\n\n\n<p>Neben dem Kammerzeugnis erh\u00e4lt der Auszubildende oder die Auszubildende bei Erreichen des Klassenziels der Abschlussklasse ein Abschlusszeugnis der Berufsschule.<\/p>\n\n\n\n<p><\/p>\n","protected":false},"excerpt":{"rendered":"<p>3-j\u00e4hrige Ausbildungsg\u00e4nge 2-j\u00e4hriger Ausbildungsgang: Fachlagerist*in (nach erfolgreichem Abschluss M\u00f6glichkeit zur Verl\u00e4ngerung zur Fachkraft f\u00fcr Lagerlogistik) Zugangsvoraussetzung Ausbildungsvertrag mit einem Unternehmen (Industrie, Handwerk)Anmeldung Nach Eintragung durch die zust\u00e4ndige Stelle in das Ausbildungsverzeichnis meldet der Ausbildungsbetrieb bzw. die Ausbildungsbeh\u00f6rde den Auszubildenden oder die Auszubildende bei der Berufsschule an.Unterrichtsorganisation Organisationsform BlockunterrichtPr\u00fcfungen Zeugnisse Neben dem Kammerzeugnis erh\u00e4lt der Auszubildende [&hellip;]<\/p>\n","protected":false},"author":2,"featured_media":0,"parent":104,"menu_order":0,"comment_status":"closed","ping_status":"closed","template":"","meta":{"_acf_changed":false,"footnotes":""},"class_list":["post-2606","page","type-page","status-publish","hentry"],"acf":[],"aioseo_notices":[],"jetpack_sharing_enabled":true,"_links":{"self":[{"href":"https:\/\/sbsz-hildburghausen.de\/index.php\/wp-json\/wp\/v2\/pages\/2606","targetHints":{"allow":["GET"]}}],"collection":[{"href":"https:\/\/sbsz-hildburghausen.de\/index.php\/wp-json\/wp\/v2\/pages"}],"about":[{"href":"https:\/\/sbsz-hildburghausen.de\/index.php\/wp-json\/wp\/v2\/types\/page"}],"author":[{"embeddable":true,"href":"https:\/\/sbsz-hildburghausen.de\/index.php\/wp-json\/wp\/v2\/users\/2"}],"replies":[{"embeddable":true,"href":"https:\/\/sbsz-hildburghausen.de\/index.php\/wp-json\/wp\/v2\/comments?post=2606"}],"version-history":[{"count":3,"href":"https:\/\/sbsz-hildburghausen.de\/index.php\/wp-json\/wp\/v2\/pages\/2606\/revisions"}],"predecessor-version":[{"id":2609,"href":"https:\/\/sbsz-hildburghausen.de\/index.php\/wp-json\/wp\/v2\/pages\/2606\/revisions\/2609"}],"up":[{"embeddable":true,"href":"https:\/\/sbsz-hildburghausen.de\/index.php\/wp-json\/wp\/v2\/pages\/104"}],"wp:attachment":[{"href":"https:\/\/sbsz-hildburghausen.de\/index.php\/wp-json\/wp\/v2\/media?parent=2606"}],"curies":[{"name":"wp","href":"https:\/\/api.w.org\/{rel}","templated":true}]}}