{"id":2596,"date":"2025-06-23T19:28:19","date_gmt":"2025-06-23T19:28:19","guid":{"rendered":"http:\/\/sbsz-hildburghausen.de\/?page_id=2596"},"modified":"2025-06-23T19:58:34","modified_gmt":"2025-06-23T19:58:34","slug":"kauffrau-und-mann-bzw-fachpraktikerin-fuer-bueromanagement","status":"publish","type":"page","link":"https:\/\/sbsz-hildburghausen.de\/index.php\/bildungsangebot\/berufsschule\/kauffrau-und-mann-bzw-fachpraktikerin-fuer-bueromanagement\/","title":{"rendered":"Kauffrau und -mann bzw. Fachpraktiker*in f\u00fcr B\u00fcromanagement"},"content":{"rendered":"\n<h4 class=\"wp-block-heading\"><strong>Zugangsvoraussetzung<\/strong><\/h4>\n\n\n\n<p>Ausbildungsvertrag mit einem Unternehmen (Industrie, Handwerk) oder mit einer Beh\u00f6rde (\u00d6ffentlicher Dienst)<\/p>\n\n\n\n<h4 class=\"wp-block-heading\"><strong>Anmeldung<\/strong><\/h4>\n\n\n\n<p>Nach Eintragung durch die zust\u00e4ndige Stelle in das Ausbildungsverzeichnis meldet der Ausbildungsbetrieb bzw. die Ausbildungsbeh\u00f6rde den Auszubildenden oder die Auszubildende bei der Berufsschule an.<\/p>\n\n\n\n<h4 class=\"wp-block-heading\"><strong>Unterrichtsorganisation<\/strong><\/h4>\n\n\n\n<p>Vorgesehen sind gem\u00e4\u00df der Stundentafel 37 Unterrichtsstunden pro Unterrichtswoche, davon 8 Stunden allgemeinbildender Unterricht und 29 Stunden Fachunterricht.<\/p>\n\n\n\n<p>Der Fachunterricht gliedert sich in Lernfelder:<\/p>\n\n\n\n<p>1. Ausbildungsjahr: Lernfelder 1-4<\/p>\n\n\n\n<p>2. Ausbildungsjahr: Lernfelder 5-8<\/p>\n\n\n\n<p>3. Ausbildungsjahr Lernfelder&nbsp; 9-13<\/p>\n\n\n\n<p><strong>Organisationsform<\/strong><\/p>\n\n\n\n<p>Blockunterricht<\/p>\n\n\n\n<h4 class=\"wp-block-heading\"><strong>Pr\u00fcfungen<\/strong><\/h4>\n\n\n\n<p>durch die zust\u00e4ndigen Kammern<\/p>\n\n\n\n<p>Zwischenpr\u00fcfung: Diese findet nach Ablauf der H\u00e4lfte der Ausbildungszeit statt. Die Teilnahme an der Zwischenpr\u00fcfung ist Voraussetzung f\u00fcr die Zulassung zur Abschlusspr\u00fcfung.<\/p>\n\n\n\n<p>Abschlusspr\u00fcfung: Diese Pr\u00fcfung findet am Ende der Ausbildung statt.<\/p>\n\n\n\n<p>Zus\u00e4tzlich besteht die M\u00f6glichkeit f\u00fcr Berufssch\u00fcler in Englisch ein Zertifikat abzulegen<\/p>\n\n\n\n<p>(schriftl. und m\u00fcndliche Zertifikatspr\u00fcfung in 3 m\u00f6glichen Schwierigkeitsstufen)<\/p>\n\n\n\n<h4 class=\"wp-block-heading\"><strong>Zeugnisse<\/strong><\/h4>\n\n\n\n<p>Neben dem Kammerzeugnis erh\u00e4lt der Auszubildende oder die Auszubildende bei Erreichen des Klassenziels der Abschlussklasse ein Abschlusszeugnis der Berufsschule.<\/p>\n","protected":false},"excerpt":{"rendered":"<p>Zugangsvoraussetzung Ausbildungsvertrag mit einem Unternehmen (Industrie, Handwerk) oder mit einer Beh\u00f6rde (\u00d6ffentlicher Dienst) Anmeldung Nach Eintragung durch die zust\u00e4ndige Stelle in das Ausbildungsverzeichnis meldet der Ausbildungsbetrieb bzw. die Ausbildungsbeh\u00f6rde den Auszubildenden oder die Auszubildende bei der Berufsschule an. Unterrichtsorganisation Vorgesehen sind gem\u00e4\u00df der Stundentafel 37 Unterrichtsstunden pro Unterrichtswoche, davon 8 Stunden allgemeinbildender Unterricht und 29 [&hellip;]<\/p>\n","protected":false},"author":2,"featured_media":0,"parent":104,"menu_order":0,"comment_status":"closed","ping_status":"closed","template":"","meta":{"_acf_changed":false,"footnotes":""},"class_list":["post-2596","page","type-page","status-publish","hentry"],"acf":[],"aioseo_notices":[],"jetpack_sharing_enabled":true,"_links":{"self":[{"href":"https:\/\/sbsz-hildburghausen.de\/index.php\/wp-json\/wp\/v2\/pages\/2596","targetHints":{"allow":["GET"]}}],"collection":[{"href":"https:\/\/sbsz-hildburghausen.de\/index.php\/wp-json\/wp\/v2\/pages"}],"about":[{"href":"https:\/\/sbsz-hildburghausen.de\/index.php\/wp-json\/wp\/v2\/types\/page"}],"author":[{"embeddable":true,"href":"https:\/\/sbsz-hildburghausen.de\/index.php\/wp-json\/wp\/v2\/users\/2"}],"replies":[{"embeddable":true,"href":"https:\/\/sbsz-hildburghausen.de\/index.php\/wp-json\/wp\/v2\/comments?post=2596"}],"version-history":[{"count":1,"href":"https:\/\/sbsz-hildburghausen.de\/index.php\/wp-json\/wp\/v2\/pages\/2596\/revisions"}],"predecessor-version":[{"id":2599,"href":"https:\/\/sbsz-hildburghausen.de\/index.php\/wp-json\/wp\/v2\/pages\/2596\/revisions\/2599"}],"up":[{"embeddable":true,"href":"https:\/\/sbsz-hildburghausen.de\/index.php\/wp-json\/wp\/v2\/pages\/104"}],"wp:attachment":[{"href":"https:\/\/sbsz-hildburghausen.de\/index.php\/wp-json\/wp\/v2\/media?parent=2596"}],"curies":[{"name":"wp","href":"https:\/\/api.w.org\/{rel}","templated":true}]}}