{"id":2585,"date":"2025-06-23T19:16:33","date_gmt":"2025-06-23T19:16:33","guid":{"rendered":"http:\/\/sbsz-hildburghausen.de\/?page_id=2585"},"modified":"2025-06-23T19:57:27","modified_gmt":"2025-06-23T19:57:27","slug":"fachinformatiker","status":"publish","type":"page","link":"https:\/\/sbsz-hildburghausen.de\/index.php\/bildungsangebot\/berufsschule\/fachinformatiker\/","title":{"rendered":"Fachinformatiker"},"content":{"rendered":"<div class=\"wp-block-image\">\n<figure class=\"aligncenter size-large\"><img loading=\"lazy\" decoding=\"async\" width=\"1024\" height=\"682\" src=\"http:\/\/sbsz-hildburghausen.de\/wp-content\/uploads\/2025\/06\/coding-1853305_1280-1024x682.jpg\" alt=\"\" class=\"wp-image-2592\" srcset=\"https:\/\/sbsz-hildburghausen.de\/wp-content\/uploads\/2025\/06\/coding-1853305_1280-1024x682.jpg 1024w, https:\/\/sbsz-hildburghausen.de\/wp-content\/uploads\/2025\/06\/coding-1853305_1280-300x200.jpg 300w, https:\/\/sbsz-hildburghausen.de\/wp-content\/uploads\/2025\/06\/coding-1853305_1280-768x512.jpg 768w, https:\/\/sbsz-hildburghausen.de\/wp-content\/uploads\/2025\/06\/coding-1853305_1280.jpg 1280w\" sizes=\"auto, (max-width: 1024px) 100vw, 1024px\" \/><\/figure>\n<\/div>\n\n\n<h2 class=\"wp-block-heading\"><strong>allgemeines:<\/strong><\/h2>\n\n\n\n<ul class=\"wp-block-list\">\n<li><strong>Zugangsvoraussetzung<\/strong>: Ausbildungsvertrag mit einem Unternehmen (Industrie, Handwerk) oder mit einer Beh\u00f6rde (\u00d6ffentlicher Dienst)<\/li>\n\n\n\n<li><strong>Ausbildungsdauer<\/strong>: 3 Jahre<\/li>\n<\/ul>\n\n\n\n<div class=\"wp-block-file\"><a id=\"wp-block-file--media-963a004a-d712-49c4-b9f6-e92de849f4cb\" href=\"http:\/\/sbsz-hildburghausen.de\/wp-content\/uploads\/2025\/06\/Rahmenlehrplan-1.pdf\">Rahmenlehrplan<\/a><a href=\"http:\/\/sbsz-hildburghausen.de\/wp-content\/uploads\/2025\/06\/Rahmenlehrplan-1.pdf\" class=\"wp-block-file__button wp-element-button\" download aria-describedby=\"wp-block-file--media-963a004a-d712-49c4-b9f6-e92de849f4cb\">Herunterladen<\/a><\/div>\n\n\n\n<div class=\"wp-block-file\"><a id=\"wp-block-file--media-d2dfc4c7-3205-47fc-9a2f-789404719ec3\" href=\"http:\/\/sbsz-hildburghausen.de\/wp-content\/uploads\/2025\/06\/Umsetzungshilfen-1.pdf\">Umsetzungshilfen<\/a><a href=\"http:\/\/sbsz-hildburghausen.de\/wp-content\/uploads\/2025\/06\/Umsetzungshilfen-1.pdf\" class=\"wp-block-file__button wp-element-button\" download aria-describedby=\"wp-block-file--media-d2dfc4c7-3205-47fc-9a2f-789404719ec3\">Herunterladen<\/a><\/div>\n\n\n\n<div class=\"wp-block-file\"><a id=\"wp-block-file--media-9d9e3092-edbe-4821-b68e-9248d97c6c87\" href=\"http:\/\/sbsz-hildburghausen.de\/wp-content\/uploads\/2025\/06\/Verordnung-1.pdf\">Verordnung<\/a><a href=\"http:\/\/sbsz-hildburghausen.de\/wp-content\/uploads\/2025\/06\/Verordnung-1.pdf\" class=\"wp-block-file__button wp-element-button\" download aria-describedby=\"wp-block-file--media-9d9e3092-edbe-4821-b68e-9248d97c6c87\">Herunterladen<\/a><\/div>\n\n\n\n<h2 class=\"wp-block-heading\">Fachinformatiker f\u00fcr Anwendungsentwicklung<\/h2>\n\n\n\n<h4 class=\"wp-block-heading\">Profil der beruflichen Handlungsf\u00e4higkeit<\/h4>\n\n\n\n<p>Konzipieren und Umsetzen von kundenspezifischen Softwareanwendungen, Sicherstellen der Qualit\u00e4t von Softwareanwendungen, Betreiben von IT-Systemen, Inbetriebnehmen von Speicherl\u00f6sungen, Programmieren von Softwarel\u00f6sungen, Planen, Vorbereiten und Durchf\u00fchren von Arbeitsaufgaben in Abstimmung mit den kundenspezifischen Gesch\u00e4fts- und Leistungsprozessen, Informieren und Beraten von Kunden und Kundinnen, Beurteilen marktg\u00e4ngiger IT-Systeme und kundenspezifischer L\u00f6sungen, Entwickeln, Erstellen und Betreuen von IT-L\u00f6sungen, Durchf\u00fchren und Dokumentieren von qualit\u00e4tssichernden Ma\u00dfnahmen, Umsetzen, Integrieren und Pr\u00fcfen von Ma\u00dfnahmen zur IT-Sicherheit und zum Datenschutz, Erbringen der Leistungen und Auftragsabschluss.<\/p>\n\n\n\n<h4 class=\"wp-block-heading\">Berufliche T\u00e4tigkeitsfelder<\/h4>\n\n\n\n<p>Fachinformatiker\/-innen der Fachrichtung Anwendungsentwicklung arbeiten in der IT-Branche, in Unternehmen nahezu aller Wirtschaftsbereiche sowie in Organisationen und im \u00d6ffentlichen Dienst. Sie entwickeln Softwarel\u00f6sungen f\u00fcr interne und externe Kunden und Kundinnen.<\/p>\n\n\n\n<p>Quelle: <a href=\"https:\/\/www.bibb.de\/dienst\/berufesuche\/de\/index_berufesuche.php\/profile\/apprenticeship\/80000\">https:\/\/www.bibb.de\/dienst\/berufesuche\/de\/index_berufesuche.php\/profile\/apprenticeship\/80000<\/a><\/p>\n\n\n\n<h1 class=\"wp-block-heading\">Fachinformatiker f\u00fcr Systemintegration<\/h1>\n\n\n\n<h3 class=\"wp-block-heading\">Profil der beruflichen Handlungsf\u00e4higkeit<\/h3>\n\n\n\n<p>Konzipieren und Realisieren von IT-Systemen, Installieren und Konfigurieren von Netzwerken, Administrieren von IT-Systemen, Betreiben von IT-Systemen, Inbetriebnehmen von Speicherl\u00f6sungen, Programmieren von Softwarel\u00f6sungen, Planen, Vorbereiten und Durchf\u00fchren von Arbeitsaufgaben in Abstimmung mit den kundenspezifischen Gesch\u00e4fts- und Leistungsprozessen, Informieren und Beraten von Kunden und Kundinnen, Beurteilen marktg\u00e4ngiger IT-Systeme und kundenspezifischer L\u00f6sungen, Entwickeln, Erstellen und Betreuen von IT-L\u00f6sungen, Durchf\u00fchren und Dokumentieren von qualit\u00e4tssichernden Ma\u00dfnahmen, Umsetzen, Integrieren und Pr\u00fcfen von Ma\u00dfnahmen zur IT-Sicherheit und zum Datenschutz, Erbringen der Leistungen und Auftragsabschluss.<\/p>\n\n\n\n<h3 class=\"wp-block-heading\">Berufliche T\u00e4tigkeitsfelder<\/h3>\n\n\n\n<p>Fachinformatiker\/-innen der Fachrichtung Systemintegration arbeiten in der IT-Branche, in Unternehmen nahezu aller Wirtschaftsbereiche sowie in Organisationen und im \u00d6ffentlichen Dienst. Sie konzipieren, installieren und administrieren vernetzte IT-Systeme f\u00fcr interne und externe Kunden und Kundinnen.<\/p>\n\n\n\n<p>Quelle: <a href=\"https:\/\/www.bibb.de\/dienst\/berufesuche\/de\/index_berufesuche.php\/profile\/apprenticeship\/olkiu98\">https:\/\/www.bibb.de\/dienst\/berufesuche\/de\/index_berufesuche.php\/profile\/apprenticeship\/olkiu98<\/a><\/p>\n\n\n\n<h1 class=\"wp-block-heading\">Fachinformatiker f\u00fcr Daten- und Prozessanalyse<\/h1>\n\n\n\n<h3 class=\"wp-block-heading\">Profil der beruflichen Handlungsf\u00e4higkeit<\/h3>\n\n\n\n<p>Analysieren von Arbeits- und Gesch\u00e4ftsprozessen, Analysieren von Datenquellen und Bereitstellen von Daten, Nutzen der Daten zur Optimierung von Arbeits- und Gesch\u00e4ftsprozessen sowie zur Optimierung digitaler Gesch\u00e4ftsmodelle, Umsetzen des Datenschutzes und der Schutzziele der Datensicherheit, Betreiben von IT-Systemen, Inbetriebnehmen von Speicherl\u00f6sungen, Programmieren von Softwarel\u00f6sungen, Planen, Vorbereiten und Durchf\u00fchren von Arbeitsaufgaben in Abstimmung mit den kundenspezifischen Gesch\u00e4fts- und Leistungsprozessen, Informieren und Beraten von Kunden und Kundinnen, Beurteilen marktg\u00e4ngiger IT-Systeme und kundenspezifischer L\u00f6sungen, Entwickeln, Erstellen und Betreuen von IT-L\u00f6sungen, Durchf\u00fchren und Dokumentieren von qualit\u00e4tssichernden Ma\u00dfnahmen, Umsetzen, Integrieren und Pr\u00fcfen von Ma\u00dfnahmen zur IT-Sicherheit und zum Datenschutz, Erbringen der Leistungen und Auftragsabschluss.<\/p>\n\n\n\n<h3 class=\"wp-block-heading\">Berufliche T\u00e4tigkeitsfelder<\/h3>\n\n\n\n<p>Fachinformatiker\/-innen der Fachrichtung Daten- und Prozessanalyse arbeiten in der IT-Branche, in Unternehmen nahezu aller Wirtschaftsbereiche sowie in Organisationen und im \u00d6ffentlichen Dienst. Sie stellen die Verf\u00fcgbarkeit sowie Qualit\u00e4t und Quantit\u00e4t von Daten sicher und entwickeln IT-L\u00f6sungen f\u00fcr digitale Produktions- und Gesch\u00e4ftsprozesse.<\/p>\n\n\n\n<p>Quelle: <a href=\"https:\/\/www.bibb.de\/dienst\/berufesuche\/de\/index_berufesuche.php\/profile\/apprenticeship\/ujhz677\">https:\/\/www.bibb.de\/dienst\/berufesuche\/de\/index_berufesuche.php\/profile\/apprenticeship\/ujhz677<\/a><\/p>\n\n\n\n<h1 class=\"wp-block-heading\">Fachinformatiker f\u00fcr Digitale Vernetzung<\/h1>\n\n\n\n<h3 class=\"wp-block-heading\">Profil der beruflichen Handlungsf\u00e4higkeit<\/h3>\n\n\n\n<p>Analysieren und Planen von Systemen zur Vernetzung von Prozessen und Produkten, Errichten, \u00c4ndern und Pr\u00fcfen von vernetzten Systemen, Betreiben von vernetzten Systemen und Sicherstellen der Systemverf\u00fcgbarkeit, Betreiben von IT-Systemen, Inbetriebnehmen von Speicherl\u00f6sungen, Programmieren von Softwarel\u00f6sungen, Planen, Vorbereiten und Durchf\u00fchren von Arbeitsaufgaben in Abstimmung mit den kundenspezifischen Gesch\u00e4fts- und Leistungsprozessen, Informieren und Beraten von Kunden und Kundinnen, Beurteilen marktg\u00e4ngiger IT-Systeme und kundenspezifischer L\u00f6sungen, Entwickeln, Erstellen und Betreuen von IT-L\u00f6sungen, Durchf\u00fchren und Dokumentieren von qualit\u00e4tssichernden Ma\u00dfnahmen, Umsetzen, Integrieren und Pr\u00fcfen von Ma\u00dfnahmen zur IT-Sicherheit und zum Datenschutz, Erbringen der Leistungen und Auftragsabschluss.<\/p>\n\n\n\n<h3 class=\"wp-block-heading\">Berufliche T\u00e4tigkeitsfelder<\/h3>\n\n\n\n<p>Fachinformatiker\/-innen der Fachrichtung Digitale Vernetzung arbeiten in der IT-Branche, in Unternehmen nahezu aller Wirtschaftsbereiche sowie in Organisationen und im \u00d6ffentlichen Dienst. Sie arbeiten mit der Netzwerkinfrastruktur und den Schnittstellen zwischen Netzwerkkomponenten und cyber-Physischen Systemen. Sie vernetzen und optimieren Systeme und Anwendungen auf IT-Ebene. Sie sichern Daten gegen unerlaubte Zugriffe und vermeiden\/beheben Systemausf\u00e4lle.<\/p>\n\n\n\n<p>Quelle: <a href=\"https:\/\/www.bibb.de\/dienst\/berufesuche\/de\/index_berufesuche.php\/profile\/apprenticeship\/iuolk876\">https:\/\/www.bibb.de\/dienst\/berufesuche\/de\/index_berufesuche.php\/profile\/apprenticeship\/iuolk876<\/a><\/p>\n\n\n\n<p><\/p>\n","protected":false},"excerpt":{"rendered":"<p>allgemeines: Fachinformatiker f\u00fcr Anwendungsentwicklung Profil der beruflichen Handlungsf\u00e4higkeit Konzipieren und Umsetzen von kundenspezifischen Softwareanwendungen, Sicherstellen der Qualit\u00e4t von Softwareanwendungen, Betreiben von IT-Systemen, Inbetriebnehmen von Speicherl\u00f6sungen, Programmieren von Softwarel\u00f6sungen, Planen, Vorbereiten und Durchf\u00fchren von Arbeitsaufgaben in Abstimmung mit den kundenspezifischen Gesch\u00e4fts- und Leistungsprozessen, Informieren und Beraten von Kunden und Kundinnen, Beurteilen marktg\u00e4ngiger IT-Systeme und kundenspezifischer L\u00f6sungen, [&hellip;]<\/p>\n","protected":false},"author":2,"featured_media":2592,"parent":104,"menu_order":0,"comment_status":"closed","ping_status":"closed","template":"","meta":{"_acf_changed":false,"footnotes":""},"class_list":["post-2585","page","type-page","status-publish","has-post-thumbnail","hentry"],"acf":[],"aioseo_notices":[],"jetpack_sharing_enabled":true,"_links":{"self":[{"href":"https:\/\/sbsz-hildburghausen.de\/index.php\/wp-json\/wp\/v2\/pages\/2585","targetHints":{"allow":["GET"]}}],"collection":[{"href":"https:\/\/sbsz-hildburghausen.de\/index.php\/wp-json\/wp\/v2\/pages"}],"about":[{"href":"https:\/\/sbsz-hildburghausen.de\/index.php\/wp-json\/wp\/v2\/types\/page"}],"author":[{"embeddable":true,"href":"https:\/\/sbsz-hildburghausen.de\/index.php\/wp-json\/wp\/v2\/users\/2"}],"replies":[{"embeddable":true,"href":"https:\/\/sbsz-hildburghausen.de\/index.php\/wp-json\/wp\/v2\/comments?post=2585"}],"version-history":[{"count":5,"href":"https:\/\/sbsz-hildburghausen.de\/index.php\/wp-json\/wp\/v2\/pages\/2585\/revisions"}],"predecessor-version":[{"id":2603,"href":"https:\/\/sbsz-hildburghausen.de\/index.php\/wp-json\/wp\/v2\/pages\/2585\/revisions\/2603"}],"up":[{"embeddable":true,"href":"https:\/\/sbsz-hildburghausen.de\/index.php\/wp-json\/wp\/v2\/pages\/104"}],"wp:featuredmedia":[{"embeddable":true,"href":"https:\/\/sbsz-hildburghausen.de\/index.php\/wp-json\/wp\/v2\/media\/2592"}],"wp:attachment":[{"href":"https:\/\/sbsz-hildburghausen.de\/index.php\/wp-json\/wp\/v2\/media?parent=2585"}],"curies":[{"name":"wp","href":"https:\/\/api.w.org\/{rel}","templated":true}]}}