{"id":120,"date":"2020-04-21T20:53:03","date_gmt":"2020-04-21T20:53:03","guid":{"rendered":"http:\/\/sbsz-hildburghausen.de\/?page_id=120"},"modified":"2021-01-23T13:11:49","modified_gmt":"2021-01-23T13:11:49","slug":"foerderverein","status":"publish","type":"page","link":"https:\/\/sbsz-hildburghausen.de\/index.php\/ueber-uns\/foerderverein\/","title":{"rendered":"F\u00f6rderverein"},"content":{"rendered":"\n<div class=\"wp-block-image\"><figure class=\"aligncenter size-large\"><img loading=\"lazy\" decoding=\"async\" width=\"200\" height=\"137\" src=\"http:\/\/sbsz-hildburghausen.de\/wp-content\/uploads\/2021\/01\/Foerderverein.jpg\" alt=\"\" class=\"wp-image-605\"\/><figcaption>Logo des F\u00f6rdervereins<\/figcaption><\/figure><\/div>\n\n\n\n<h4 class=\"wp-block-heading\">Zweck und Aufgaben des Vereins<\/h4>\n\n\n\n<p>Der <strong>Verein zur F\u00f6rderung der Berufs- und Technikerausbildung Hildburghausen e. V.<\/strong> verfolgt folgende Ziele:<\/p>\n\n\n\n<ul class=\"wp-block-list\"><li>F\u00f6rderung der Auszubildenden, der Sch\u00fclerinnen und Sch\u00fcler am Staatlichen Berufsbildenden Schulzentrum Hildburghausen (SBSZ), sowie an weiterf\u00fchrenden Bildungseinrichtungen<\/li><li>Aufbau und Festigung der Kooperation zwischen Schule und Wirtschaft<\/li><li>Weiterbildung der Lehrkr\u00e4fte<\/li><\/ul>\n\n\n\n<p>Der Verein will die berufliche, soziale und kulturelle Integration benachteiligter junger Menschen f\u00f6rdern und ist auf dem Gebiet der allgemeinen Jugendarbeit t\u00e4tig. Der Verein unterst\u00fctzt die Zusammenarbeit zwischen dem SBSZ und den Ausbildungsbetrieben, der IHK und den Kammern, sowie den Ehemaligen durch:<\/p>\n\n\n\n<ul class=\"wp-block-list\"><li>berufsf\u00f6rdernde Lehrg\u00e4nge<\/li><li>Vortr\u00e4ge zu berufsbezogenen Themen<\/li><li>Organisation von Betriebsbesichtigungen<\/li><li>gemeinsame Treffen von Lehrern und Ausbildern<\/li><li>Organisation von Sch\u00fcleraustauschprojekten<\/li><li>gemeinsame Veranstaltungen von Ehemaligen und Sch\u00fclern<\/li><li>Treffen mit Ehemaligen zum Austausch von Berufserfahrungen<\/li><\/ul>\n\n\n\n<h4 class=\"wp-block-heading\">J\u00e4hrliche Mitgliedsbeitr\u00e4ge<\/h4>\n\n\n\n<ul class=\"wp-block-list\"><li><strong>12,00 \u20ac\/Jahr<\/strong> zahlen Sch\u00fcler, Eltern und Lehrer des SBSZ<\/li><li><strong>12,00 \u20ac<strong>\/Jahr<\/strong><\/strong> zahlen Privatpersonen<\/li><li><strong>65,00 \u20ac<strong>\/Jahr<\/strong><\/strong> zahlen Firmen und Institutionen (auch stille Mitgliedschaft ist m\u00f6glich).<\/li><\/ul>\n\n\n\n<p>Sie wollen mithelfen und Mitglied werden? Dann drucken und f\u00fcllen Sie bitte die <a href=\"http:\/\/sbsz-hildburghausen.de\/wp-content\/uploads\/2021\/01\/Beitrittserklaerung.docx\">Beitrittserkl\u00e4rung<\/a> aus und senden diese unterschrieben an uns. Alle Details zum F\u00f6rderverein finden Sie in der <a href=\"http:\/\/sbsz-hildburghausen.de\/wp-content\/uploads\/2021\/01\/Satzungneu2018-1.docx\">Satzung<\/a>.<\/p>\n\n\n\n<p>Vielen Dank.<\/p>\n","protected":false},"excerpt":{"rendered":"<p>Zweck und Aufgaben des Vereins Der Verein zur F\u00f6rderung der Berufs- und Technikerausbildung Hildburghausen e. V. verfolgt folgende Ziele: F\u00f6rderung der Auszubildenden, der Sch\u00fclerinnen und Sch\u00fcler am Staatlichen Berufsbildenden Schulzentrum Hildburghausen (SBSZ), sowie an weiterf\u00fchrenden Bildungseinrichtungen Aufbau und Festigung der Kooperation zwischen Schule und Wirtschaft Weiterbildung der Lehrkr\u00e4fte Der Verein will die berufliche, soziale und [&hellip;]<\/p>\n","protected":false},"author":1,"featured_media":0,"parent":112,"menu_order":0,"comment_status":"closed","ping_status":"closed","template":"","meta":{"_acf_changed":false,"footnotes":""},"class_list":["post-120","page","type-page","status-publish","hentry"],"acf":[],"aioseo_notices":[],"jetpack_sharing_enabled":true,"_links":{"self":[{"href":"https:\/\/sbsz-hildburghausen.de\/index.php\/wp-json\/wp\/v2\/pages\/120","targetHints":{"allow":["GET"]}}],"collection":[{"href":"https:\/\/sbsz-hildburghausen.de\/index.php\/wp-json\/wp\/v2\/pages"}],"about":[{"href":"https:\/\/sbsz-hildburghausen.de\/index.php\/wp-json\/wp\/v2\/types\/page"}],"author":[{"embeddable":true,"href":"https:\/\/sbsz-hildburghausen.de\/index.php\/wp-json\/wp\/v2\/users\/1"}],"replies":[{"embeddable":true,"href":"https:\/\/sbsz-hildburghausen.de\/index.php\/wp-json\/wp\/v2\/comments?post=120"}],"version-history":[{"count":13,"href":"https:\/\/sbsz-hildburghausen.de\/index.php\/wp-json\/wp\/v2\/pages\/120\/revisions"}],"predecessor-version":[{"id":811,"href":"https:\/\/sbsz-hildburghausen.de\/index.php\/wp-json\/wp\/v2\/pages\/120\/revisions\/811"}],"up":[{"embeddable":true,"href":"https:\/\/sbsz-hildburghausen.de\/index.php\/wp-json\/wp\/v2\/pages\/112"}],"wp:attachment":[{"href":"https:\/\/sbsz-hildburghausen.de\/index.php\/wp-json\/wp\/v2\/media?parent=120"}],"curies":[{"name":"wp","href":"https:\/\/api.w.org\/{rel}","templated":true}]}}