{"id":116,"date":"2020-04-21T20:51:25","date_gmt":"2020-04-21T20:51:25","guid":{"rendered":"http:\/\/sbsz-hildburghausen.de\/?page_id=116"},"modified":"2024-04-13T11:02:15","modified_gmt":"2024-04-13T11:02:15","slug":"haus-2","status":"publish","type":"page","link":"https:\/\/sbsz-hildburghausen.de\/index.php\/ueber-uns\/haus-2\/","title":{"rendered":"Haus 2"},"content":{"rendered":"\n<div class=\"wp-block-jetpack-slideshow aligncenter\" data-autoplay=\"true\" data-delay=\"5\" data-effect=\"fade\"><div class=\"wp-block-jetpack-slideshow_container swiper-container\"><ul class=\"wp-block-jetpack-slideshow_swiper-wrapper swiper-wrapper\"><li class=\"wp-block-jetpack-slideshow_slide swiper-slide\"><figure><img loading=\"lazy\" decoding=\"async\" width=\"1024\" height=\"768\" alt=\"\" class=\"wp-block-jetpack-slideshow_image wp-image-507\" data-id=\"507\" src=\"http:\/\/sbsz-hildburghausen.de\/wp-content\/uploads\/2021\/01\/Haus-2.1-1024x768.jpeg\" srcset=\"https:\/\/sbsz-hildburghausen.de\/wp-content\/uploads\/2021\/01\/Haus-2.1-1024x768.jpeg 1024w, https:\/\/sbsz-hildburghausen.de\/wp-content\/uploads\/2021\/01\/Haus-2.1-300x225.jpeg 300w, https:\/\/sbsz-hildburghausen.de\/wp-content\/uploads\/2021\/01\/Haus-2.1-768x576.jpeg 768w, https:\/\/sbsz-hildburghausen.de\/wp-content\/uploads\/2021\/01\/Haus-2.1-1536x1152.jpeg 1536w, https:\/\/sbsz-hildburghausen.de\/wp-content\/uploads\/2021\/01\/Haus-2.1-2048x1536.jpeg 2048w\" sizes=\"(max-width: 1024px) 100vw, 1024px\" \/><figcaption class=\"wp-block-jetpack-slideshow_caption gallery-caption\">&#8222;Technikum&#8220; &#8211; Haus 2, Helenenstra\u00dfe 1<\/figcaption><\/figure><\/li><li class=\"wp-block-jetpack-slideshow_slide swiper-slide\"><figure><img loading=\"lazy\" decoding=\"async\" width=\"550\" height=\"379\" alt=\"\" class=\"wp-block-jetpack-slideshow_image wp-image-508\" data-id=\"508\" src=\"http:\/\/sbsz-hildburghausen.de\/wp-content\/uploads\/2021\/01\/Haus-2.2.jpg\" srcset=\"https:\/\/sbsz-hildburghausen.de\/wp-content\/uploads\/2021\/01\/Haus-2.2.jpg 550w, https:\/\/sbsz-hildburghausen.de\/wp-content\/uploads\/2021\/01\/Haus-2.2-300x207.jpg 300w\" sizes=\"(max-width: 550px) 100vw, 550px\" \/><figcaption class=\"wp-block-jetpack-slideshow_caption gallery-caption\">&#8222;Technikum&#8220; &#8211; Haus 2, Helenenstra\u00dfe 1<\/figcaption><\/figure><\/li><li class=\"wp-block-jetpack-slideshow_slide swiper-slide\"><figure><img loading=\"lazy\" decoding=\"async\" width=\"250\" height=\"349\" alt=\"\" class=\"wp-block-jetpack-slideshow_image wp-image-509\" data-id=\"509\" src=\"http:\/\/sbsz-hildburghausen.de\/wp-content\/uploads\/2021\/01\/studentische-Verbindungen.jpg\" srcset=\"https:\/\/sbsz-hildburghausen.de\/wp-content\/uploads\/2021\/01\/studentische-Verbindungen.jpg 250w, https:\/\/sbsz-hildburghausen.de\/wp-content\/uploads\/2021\/01\/studentische-Verbindungen-215x300.jpg 215w\" sizes=\"(max-width: 250px) 100vw, 250px\" \/><figcaption class=\"wp-block-jetpack-slideshow_caption gallery-caption\">Couleurkarte der studentischen Verbindungen<\/figcaption><\/figure><\/li><li class=\"wp-block-jetpack-slideshow_slide swiper-slide\"><figure><img loading=\"lazy\" decoding=\"async\" width=\"173\" height=\"234\" alt=\"\" class=\"wp-block-jetpack-slideshow_image wp-image-397\" data-id=\"397\" src=\"http:\/\/sbsz-hildburghausen.de\/wp-content\/uploads\/2020\/12\/Haus-2.Alt01.jpg\"\/><figcaption class=\"wp-block-jetpack-slideshow_caption gallery-caption\">Harmsen Wilhem Rathke \u2013 Gr\u00fcnder des Technikums<\/figcaption><\/figure><\/li><li class=\"wp-block-jetpack-slideshow_slide swiper-slide\"><figure><img loading=\"lazy\" decoding=\"async\" width=\"1024\" height=\"683\" alt=\"\" class=\"wp-block-jetpack-slideshow_image wp-image-511\" data-id=\"511\" src=\"http:\/\/sbsz-hildburghausen.de\/wp-content\/uploads\/2021\/01\/P1170162-1024x683.jpg\" srcset=\"https:\/\/sbsz-hildburghausen.de\/wp-content\/uploads\/2021\/01\/P1170162-1024x683.jpg 1024w, https:\/\/sbsz-hildburghausen.de\/wp-content\/uploads\/2021\/01\/P1170162-300x200.jpg 300w, https:\/\/sbsz-hildburghausen.de\/wp-content\/uploads\/2021\/01\/P1170162-768x512.jpg 768w, https:\/\/sbsz-hildburghausen.de\/wp-content\/uploads\/2021\/01\/P1170162-1536x1024.jpg 1536w, https:\/\/sbsz-hildburghausen.de\/wp-content\/uploads\/2021\/01\/P1170162-2048x1365.jpg 2048w\" sizes=\"(max-width: 1024px) 100vw, 1024px\" \/><figcaption class=\"wp-block-jetpack-slideshow_caption gallery-caption\">Abschlussklasse A17a<\/figcaption><\/figure><\/li><li class=\"wp-block-jetpack-slideshow_slide swiper-slide\"><figure><img loading=\"lazy\" decoding=\"async\" width=\"1024\" height=\"683\" alt=\"\" class=\"wp-block-jetpack-slideshow_image wp-image-512\" data-id=\"512\" src=\"http:\/\/sbsz-hildburghausen.de\/wp-content\/uploads\/2021\/01\/P1170227-1024x683.jpg\" srcset=\"https:\/\/sbsz-hildburghausen.de\/wp-content\/uploads\/2021\/01\/P1170227-1024x683.jpg 1024w, https:\/\/sbsz-hildburghausen.de\/wp-content\/uploads\/2021\/01\/P1170227-300x200.jpg 300w, https:\/\/sbsz-hildburghausen.de\/wp-content\/uploads\/2021\/01\/P1170227-768x512.jpg 768w, https:\/\/sbsz-hildburghausen.de\/wp-content\/uploads\/2021\/01\/P1170227-1536x1024.jpg 1536w, https:\/\/sbsz-hildburghausen.de\/wp-content\/uploads\/2021\/01\/P1170227-2048x1365.jpg 2048w\" sizes=\"(max-width: 1024px) 100vw, 1024px\" \/><figcaption class=\"wp-block-jetpack-slideshow_caption gallery-caption\">Abschlussklasse A17b<\/figcaption><\/figure><\/li><li class=\"wp-block-jetpack-slideshow_slide swiper-slide\"><figure><img loading=\"lazy\" decoding=\"async\" width=\"1024\" height=\"683\" alt=\"\" class=\"wp-block-jetpack-slideshow_image wp-image-510\" data-id=\"510\" src=\"http:\/\/sbsz-hildburghausen.de\/wp-content\/uploads\/2021\/01\/IMG_3841-1024x683.jpg\" srcset=\"https:\/\/sbsz-hildburghausen.de\/wp-content\/uploads\/2021\/01\/IMG_3841-1024x683.jpg 1024w, https:\/\/sbsz-hildburghausen.de\/wp-content\/uploads\/2021\/01\/IMG_3841-300x200.jpg 300w, https:\/\/sbsz-hildburghausen.de\/wp-content\/uploads\/2021\/01\/IMG_3841-768x512.jpg 768w, https:\/\/sbsz-hildburghausen.de\/wp-content\/uploads\/2021\/01\/IMG_3841-1536x1024.jpg 1536w, https:\/\/sbsz-hildburghausen.de\/wp-content\/uploads\/2021\/01\/IMG_3841-2048x1365.jpg 2048w\" sizes=\"(max-width: 1024px) 100vw, 1024px\" \/><figcaption class=\"wp-block-jetpack-slideshow_caption gallery-caption\">Abschlussklasse A17c<\/figcaption><\/figure><\/li><\/ul><a class=\"wp-block-jetpack-slideshow_button-prev swiper-button-prev swiper-button-white\" role=\"button\"><\/a><a class=\"wp-block-jetpack-slideshow_button-next swiper-button-next swiper-button-white\" role=\"button\"><\/a><a aria-label=\"Pause Slideshow\" class=\"wp-block-jetpack-slideshow_button-pause\" role=\"button\"><\/a><div class=\"wp-block-jetpack-slideshow_pagination swiper-pagination swiper-pagination-white\"><\/div><\/div><\/div>\n\n\n\n<h4 class=\"wp-block-heading\">Rundgang<\/h4>\n\n\n\n<p>Um einen Eindruck vom Haus 2 zu erhalten, wurde ein Rundgang f\u00fcr Sie erstellt. Diesen finden Sie unter <a href=\"https:\/\/sbsz-hildburghausen.de\/Rundgang\/\" target=\"_blank\" rel=\"noopener\" title=\"\">https:\/\/sbsz-hildburghausen.de\/Rundgang\/<\/a>.<\/p>\n\n\n\n<h4 class=\"wp-block-heading\">Das &#8222;neue Technikum&#8220; in der Helenenstra\u00dfe 1<\/h4>\n\n\n\n<p>Das Geb\u00e4ude wurde 1896 errichtet, um die technischen Studieng\u00e4nge, die vorher nur unzureichend in Hildburghausen verteilt untergebracht wurden, hier zu konzentrieren und optimale Bedingungen f\u00fcr die Ausbildung zu schaffen. Bis 1946, als die sowjetische Besatzungsmacht die Einrichtung schloss, wurden hier Ingenieure ausgebildet. Die damaligen studentischen Verbindungen haben nach der Schlie\u00dfung der Schule eine neue Heimat an verschiedenen Orten im Westen gefunden, aber ohne ihre alte Alma Mater zu vergessen. Nach dem Fall der Mauer kamen die Studenten von damals wieder nach Hildburghausen, um einerseits Erinnerungen aufzufrischen und andererseits der beruflichen Bildung in der Region neue Impulse zu geben. Nur wenige Jahre nach der Einheit wurden die Staatlichen berufsbildenden Schulen Hildburghausen gegr\u00fcndet, ein Zusammenschluss der verschiedenen Berufsschulen des Kreises in Themar, Eisfeld und Hildburghausen. Zum Stammhaus wurde das Technikum bestimmt. In einem gro\u00dfen Kraftakt des Landkreises und der Stadt Hildburghausen wurde beschlossen, die drei &#8222;Au\u00dfenstellen&#8220; in einem gro\u00dfz\u00fcgigen Neubau zusammenzufassen und das Technikum zu modernisieren. Das Haus 1 entstand nur gut 500 m entfernt vom Technikum auf dem gegen\u00fcber liegenden Ufer der Werra an der Wiesenstra\u00dfe, neben dem ebenfalls neu gebauten Landratsamt. Nach der Einweihung des Neubaus erfolgte die durchaus m\u00fchevolle Rekonstruktion des Technikums. Ziel war es, die f\u00fcr eine zeitgem\u00e4\u00dfe Ausbildung n\u00f6tige Ausstattung in den alten R\u00e4umen unterzubringen und gleichzeitig den Charakter des Denkmal gesch\u00fctzten Geb\u00e4udes zu erhalten. Das Ergebnis ist ein modernes Schulhaus mit dem Charme und dem Charakter des alten Technikums, ausgestattet mit neuester Technik. Neues Technikum hei\u00dft es deshalb, weil es zus\u00e4tzlich zum vorhandenen Geb\u00e4ude, das dann Altes Technikum genannt wurde, errichtet wurde. Das Alte Technikum wurde Jahrzehnte sp\u00e4ter aufgegeben.<\/p>\n\n\n\n<h4 class=\"wp-block-heading\">Die geschichtliche Entwicklung des Technikums<\/h4>\n\n\n<div class=\"wp-block-image\">\n<figure class=\"aligncenter size-large\"><img loading=\"lazy\" decoding=\"async\" width=\"173\" height=\"234\" src=\"http:\/\/sbsz-hildburghausen.de\/wp-content\/uploads\/2020\/12\/Haus-2.Alt01.jpg\" alt=\"\" class=\"wp-image-397\"\/><figcaption class=\"wp-element-caption\">Harmsen Wilhem Rathke &#8211; Gr\u00fcnder des Technikums<\/figcaption><\/figure>\n<\/div>\n\n\n<p>Die Gr\u00fcndung der h\u00f6heren Fachschule f\u00fcr Maschinenbau in Sondershausen war nicht vom Gl\u00fcck beg\u00fcnstigt. Die geringe Unterst\u00fctzung von Seiten der Stadt Sondershausen, die Protektion des Herzogs von Meiningen und das gro\u00dfz\u00fcgige Angebot der Stadt Hildburghausen veranlassten den Gr\u00fcnder, Direktor Ingenieur Harmsen Wilhelm Rathke, mit 37 Sch\u00fclern am 1. Okt. 1878 das Technikum in Hildburghausen zu er\u00f6ffnen. Durch den Oberb\u00fcrgermeister, Regierungsrat Trinks, fand am 3. Jan. 1879 die offizielle Er\u00f6ffnung statt. In dem sp\u00e4ter als &#8222;altes Technikum&#8220; bezeichneten Geb\u00e4ude befanden sich au\u00dfer dem Technikum selbst das Postamt, die Wohnung des Postdirektors und das Karthographische Institut von H. Peters.<\/p>\n\n\n\n<p>Es war nach anf\u00e4nglichen Schwierigkeiten eine stetige Steigerung der Sch\u00fclerzahl festzustellen (Wintersemester 1895 = 876 Sch\u00fcler). Rathke fasste deshalb die Planung f\u00fcr ein neues gro\u00dfes Geb\u00e4ude ins Auge. Im Fr\u00fchjahr 1896 begann man mit dem Bau des &#8222;Neuen Technikums&#8220; in der Helenenstra\u00dfe. Am 9. Mai 1896 wurde eine Gedenktafel anl\u00e4sslich des 100. Geburtstages von Josef Meyers am Alten Technikum angebracht. Im selben Jahr im Herbst wurde das Geb\u00e4ude bezogen.<\/p>\n\n\n\n<p>Doch am 21. November 1899 verstarb der Gr\u00fcnder des Technikums. Im Sommersemester 1924 wurde die in Weimar angeordnete Umwandlung des Technikums in eine h\u00f6here technische Lehranstalt mit Aufnahmebedingung mittlere Reife durchgef\u00fchrt. 1928 erfolgte die Einweihung der Ged\u00e4chtnisbr\u00fccke.<\/p>\n\n\n\n<p>Mit dem 1. April 1936 wurde die Studienzeit auf 5 Semester herabgesetzt. Am 29. November 1938 wurde die Schule umbenannt in &#8222;Staatliche Ingenieurschule &#8211; Fachschule f\u00fcr Maschinenbau und Elektrotechnik&#8220;. In den Jahren 1939 und 1940 entstanden neue Laboratorien f\u00fcr Elektrotechnik mit Unterrichts- und Sammlungsr\u00e4umen, moderne Toilettenanlagen und eine gro\u00dfe Aula mit Parkettfu\u00dfboden.<\/p>\n\n\n\n<p>Am 1. April 1943 wurde laut Ministeriumsbeschluss f\u00fcr die Dauer des Krieges die Schlie\u00dfung vorgenommen. Am 1. Oktober 1945 konnte wieder mit dem Unterricht begonnen werden. Im Januar 1946 wurde die Anstalt durch die Besatzungsmacht endg\u00fcltig geschlossen.<\/p>\n\n\n\n<h4 class=\"wp-block-heading\">Schulmuseum im Technikum<\/h4>\n\n\n\n<div class=\"wp-block-jetpack-slideshow aligncenter\" data-autoplay=\"true\" data-delay=\"5\" data-effect=\"fade\"><div class=\"wp-block-jetpack-slideshow_container swiper-container\"><ul class=\"wp-block-jetpack-slideshow_swiper-wrapper swiper-wrapper\"><li class=\"wp-block-jetpack-slideshow_slide swiper-slide\"><figure><img loading=\"lazy\" decoding=\"async\" width=\"310\" height=\"232\" alt=\"\" class=\"wp-block-jetpack-slideshow_image wp-image-404\" data-id=\"404\" src=\"http:\/\/sbsz-hildburghausen.de\/wp-content\/uploads\/2020\/12\/Haus-2.Schulmuseum-5.jpg\" srcset=\"https:\/\/sbsz-hildburghausen.de\/wp-content\/uploads\/2020\/12\/Haus-2.Schulmuseum-5.jpg 310w, https:\/\/sbsz-hildburghausen.de\/wp-content\/uploads\/2020\/12\/Haus-2.Schulmuseum-5-300x225.jpg 300w\" sizes=\"(max-width: 310px) 100vw, 310px\" \/><\/figure><\/li><li class=\"wp-block-jetpack-slideshow_slide swiper-slide\"><figure><img loading=\"lazy\" decoding=\"async\" width=\"310\" height=\"232\" alt=\"\" class=\"wp-block-jetpack-slideshow_image wp-image-406\" data-id=\"406\" src=\"http:\/\/sbsz-hildburghausen.de\/wp-content\/uploads\/2020\/12\/Haus-2.Schulmuseum-6.jpg\" srcset=\"https:\/\/sbsz-hildburghausen.de\/wp-content\/uploads\/2020\/12\/Haus-2.Schulmuseum-6.jpg 310w, https:\/\/sbsz-hildburghausen.de\/wp-content\/uploads\/2020\/12\/Haus-2.Schulmuseum-6-300x225.jpg 300w\" sizes=\"(max-width: 310px) 100vw, 310px\" \/><\/figure><\/li><li class=\"wp-block-jetpack-slideshow_slide swiper-slide\"><figure><img loading=\"lazy\" decoding=\"async\" width=\"394\" height=\"223\" alt=\"\" class=\"wp-block-jetpack-slideshow_image wp-image-407\" data-id=\"407\" src=\"http:\/\/sbsz-hildburghausen.de\/wp-content\/uploads\/2020\/12\/Haus-2.Schulmuseum-1.jpg\" srcset=\"https:\/\/sbsz-hildburghausen.de\/wp-content\/uploads\/2020\/12\/Haus-2.Schulmuseum-1.jpg 394w, https:\/\/sbsz-hildburghausen.de\/wp-content\/uploads\/2020\/12\/Haus-2.Schulmuseum-1-300x170.jpg 300w\" sizes=\"(max-width: 394px) 100vw, 394px\" \/><\/figure><\/li><li class=\"wp-block-jetpack-slideshow_slide swiper-slide\"><figure><img loading=\"lazy\" decoding=\"async\" width=\"303\" height=\"223\" alt=\"\" class=\"wp-block-jetpack-slideshow_image wp-image-408\" data-id=\"408\" src=\"http:\/\/sbsz-hildburghausen.de\/wp-content\/uploads\/2020\/12\/Haus-2.Schulmuseum-2.jpg\" srcset=\"https:\/\/sbsz-hildburghausen.de\/wp-content\/uploads\/2020\/12\/Haus-2.Schulmuseum-2.jpg 303w, https:\/\/sbsz-hildburghausen.de\/wp-content\/uploads\/2020\/12\/Haus-2.Schulmuseum-2-300x221.jpg 300w\" sizes=\"(max-width: 303px) 100vw, 303px\" \/><\/figure><\/li><li class=\"wp-block-jetpack-slideshow_slide swiper-slide\"><figure><img loading=\"lazy\" decoding=\"async\" width=\"290\" height=\"217\" alt=\"\" class=\"wp-block-jetpack-slideshow_image wp-image-409\" data-id=\"409\" src=\"http:\/\/sbsz-hildburghausen.de\/wp-content\/uploads\/2020\/12\/Haus-2.Schulmuseum-3.jpg\"\/><\/figure><\/li><li class=\"wp-block-jetpack-slideshow_slide swiper-slide\"><figure><img loading=\"lazy\" decoding=\"async\" width=\"290\" height=\"217\" alt=\"\" class=\"wp-block-jetpack-slideshow_image wp-image-411\" data-id=\"411\" src=\"http:\/\/sbsz-hildburghausen.de\/wp-content\/uploads\/2020\/12\/Haus-2.Schulmuseum-4.jpg\"\/><\/figure><\/li><\/ul><a class=\"wp-block-jetpack-slideshow_button-prev swiper-button-prev swiper-button-white\" role=\"button\"><\/a><a class=\"wp-block-jetpack-slideshow_button-next swiper-button-next swiper-button-white\" role=\"button\"><\/a><a aria-label=\"Pause Slideshow\" class=\"wp-block-jetpack-slideshow_button-pause\" role=\"button\"><\/a><div class=\"wp-block-jetpack-slideshow_pagination swiper-pagination swiper-pagination-white\"><\/div><\/div><\/div>\n\n\n\n<p>&#8222;Segen ist der M\u00fche Preis&#8220; war der Wahlspruch von H. W. Rathke (Gr\u00fcnder des Technikums), weshalb wir dem Schulmuseum eben diesen Namen gaben. Anl\u00e4sslich der 110-Jahr-Feier des &#8222;Neuen Technikums&#8220; wurde im Oktober 2006 das Schulmuseum er\u00f6ffnet. Es zeigt auf kleinem Raum einen Abriss der Schulgeschichte von der Gr\u00fcndung bis zur Neuzeit. Dabei geh\u00f6ren auch alte Klassenb\u00fccher zum Bestand. Schauk\u00e4sten mit vielen Exponaten vermitteln einen Eindruck von der \u00fcber 110-j\u00e4hrigen Geschichte des Hauses. Darunter sind auch wertvolle Leihgaben ehemaliger Studenten und auch von Nachfahren des Gr\u00fcnders, Harmsen W. Rathke. Man kann das Museum nach Voranmeldung besichtigen.<\/p>\n","protected":false},"excerpt":{"rendered":"<p>Rundgang Um einen Eindruck vom Haus 2 zu erhalten, wurde ein Rundgang f\u00fcr Sie erstellt. Diesen finden Sie unter https:\/\/sbsz-hildburghausen.de\/Rundgang\/. Das &#8222;neue Technikum&#8220; in der Helenenstra\u00dfe 1 Das Geb\u00e4ude wurde 1896 errichtet, um die technischen Studieng\u00e4nge, die vorher nur unzureichend in Hildburghausen verteilt untergebracht wurden, hier zu konzentrieren und optimale Bedingungen f\u00fcr die Ausbildung zu [&hellip;]<\/p>\n","protected":false},"author":1,"featured_media":0,"parent":112,"menu_order":0,"comment_status":"closed","ping_status":"closed","template":"","meta":{"_acf_changed":false,"footnotes":""},"class_list":["post-116","page","type-page","status-publish","hentry"],"acf":[],"aioseo_notices":[],"jetpack_sharing_enabled":true,"_links":{"self":[{"href":"https:\/\/sbsz-hildburghausen.de\/index.php\/wp-json\/wp\/v2\/pages\/116","targetHints":{"allow":["GET"]}}],"collection":[{"href":"https:\/\/sbsz-hildburghausen.de\/index.php\/wp-json\/wp\/v2\/pages"}],"about":[{"href":"https:\/\/sbsz-hildburghausen.de\/index.php\/wp-json\/wp\/v2\/types\/page"}],"author":[{"embeddable":true,"href":"https:\/\/sbsz-hildburghausen.de\/index.php\/wp-json\/wp\/v2\/users\/1"}],"replies":[{"embeddable":true,"href":"https:\/\/sbsz-hildburghausen.de\/index.php\/wp-json\/wp\/v2\/comments?post=116"}],"version-history":[{"count":16,"href":"https:\/\/sbsz-hildburghausen.de\/index.php\/wp-json\/wp\/v2\/pages\/116\/revisions"}],"predecessor-version":[{"id":2129,"href":"https:\/\/sbsz-hildburghausen.de\/index.php\/wp-json\/wp\/v2\/pages\/116\/revisions\/2129"}],"up":[{"embeddable":true,"href":"https:\/\/sbsz-hildburghausen.de\/index.php\/wp-json\/wp\/v2\/pages\/112"}],"wp:attachment":[{"href":"https:\/\/sbsz-hildburghausen.de\/index.php\/wp-json\/wp\/v2\/media?parent=116"}],"curies":[{"name":"wp","href":"https:\/\/api.w.org\/{rel}","templated":true}]}}