{"id":108,"date":"2020-04-21T20:48:13","date_gmt":"2020-04-21T20:48:13","guid":{"rendered":"http:\/\/sbsz-hildburghausen.de\/?page_id=108"},"modified":"2021-01-23T12:48:33","modified_gmt":"2021-01-23T12:48:33","slug":"werker-und-fachpraktiker","status":"publish","type":"page","link":"https:\/\/sbsz-hildburghausen.de\/index.php\/bildungsangebot\/werker-und-fachpraktiker\/","title":{"rendered":"Werker und Fachpraktiker"},"content":{"rendered":"\n<div class=\"wp-block-image\"><figure class=\"aligncenter size-large\"><img loading=\"lazy\" decoding=\"async\" width=\"450\" height=\"338\" src=\"http:\/\/sbsz-hildburghausen.de\/wp-content\/uploads\/2020\/12\/haus_1.jpg\" alt=\"\" class=\"wp-image-305\" srcset=\"https:\/\/sbsz-hildburghausen.de\/wp-content\/uploads\/2020\/12\/haus_1.jpg 450w, https:\/\/sbsz-hildburghausen.de\/wp-content\/uploads\/2020\/12\/haus_1-300x225.jpg 300w\" sizes=\"auto, (max-width: 450px) 100vw, 450px\" \/><figcaption>Haus 1, Wiesenstra\u00dfe 20<\/figcaption><\/figure><\/div>\n\n\n\n<h4 class=\"wp-block-heading\">Gartenbauwerker<\/h4>\n\n\n\n<h5 class=\"wp-block-heading\"><strong>Ziel\/Abschluss<\/strong><\/h5>\n\n\n\n<p>Hauptziel ist die Berufsausbildung zum Gartenbauwerker. Zum Abschluss kann die dazugeh\u00f6rige Schul- und IHK-Pr\u00fcfung abgelegt werden, die nach dem Bestehen der Pr\u00fcfung zum Facharbeiter f\u00fchrt.<\/p>\n\n\n\n<h5 class=\"wp-block-heading\"><strong>Zugangsvoraussetzungen<\/strong><\/h5>\n\n\n\n<p>Die duale Ausbildung k\u00f6nnen alle Sch\u00fclerinnen und Sch\u00fcler beginnen, die keinen Abschluss, einen Hauptschulabschluss oder h\u00f6here Schulabschl\u00fcsse besitzen. Es wird ein Lehrvertrag mit einem Ausbildungsbetrieb ben\u00f6tigt.<\/p>\n\n\n\n<h5 class=\"wp-block-heading\"><strong>Dauer der Ausbildung<\/strong><\/h5>\n\n\n\n<p>Insgesamt dauert die Ausbildung 3 Jahre. Gegenw\u00e4rtig erfolgt die Beschulung tageweise.<\/p>\n\n\n\n<h5 class=\"wp-block-heading\"><strong><strong>Ausbildungsinhalte<\/strong><\/strong><\/h5>\n\n\n\n<p>Die Auszubildenden lernen z. B.:<\/p>\n\n\n\n<ul class=\"wp-block-list\"><li>Allgemeiner Pflanzenschutz<\/li><li>Arbeitssicherheit\/Unfallschutz<\/li><li>berufliche Grundlagen<\/li><li>Einsatz neuer Werkstoffe und Anwendungstechniken<\/li><li>Fachbezogenes Rechnen<\/li><li>Friedhofsg\u00e4rtner<\/li><li>Garten- und Landschaftsbau<\/li><li>rationeller Einsatz von Energie<\/li><li>Umweltschutz und Entsorgung<\/li><li>Wirtschaftslehre<\/li><li>Zierpflanzenbau<\/li><\/ul>\n\n\n\n<h5 class=\"wp-block-heading\"><strong>Perspektiven<\/strong><\/h5>\n\n\n\n<p>Eine sp\u00e4tere Ausbildung zum G\u00e4rtner ist m\u00f6glich. Des Weiteren erhalten die Sch\u00fclerinnen und Sch\u00fcler, welche die duale Ausbildung ohne schulischen Abschluss begonnen haben, am Ende der Ausbildung einen erfolgreichen Hauptschulabschluss.<\/p>\n\n\n\n<h5 class=\"wp-block-heading\"><strong><strong>Berufliche Einsatzm\u00f6glichkeiten<\/strong><\/strong><\/h5>\n\n\n\n<p>Bei der Ausbildung k\u00f6nnte man in Betrieben des Gartenbaus, in Gro\u00dfm\u00e4rkten f\u00fcr Gartenbau, bei Friedh\u00f6fen, bei kommunalen Bauh\u00f6fen und vielen weiteren angestellt werden.<\/p>\n\n\n\n<h4 class=\"wp-block-heading\">Fachpraktiker f\u00fcr Holzverarbeitung<\/h4>\n\n\n\n<h5 class=\"wp-block-heading\"><strong>Ziel\/Abschluss<\/strong><\/h5>\n\n\n\n<p>Hauptziel ist die Berufsausbildung zum Fachpraktiker f\u00fcr Holzverarbeitung. Zum Abschluss kann die dazugeh\u00f6rige Schul- und IHK-Pr\u00fcfung abgelegt werden, die nach dem Bestehen der Pr\u00fcfung zum Facharbeiter f\u00fchrt.<\/p>\n\n\n\n<h5 class=\"wp-block-heading\"><strong>Zugangsvoraussetzungen<\/strong><\/h5>\n\n\n\n<p>Die duale Ausbildung k\u00f6nnen alle Sch\u00fclerinnen und Sch\u00fcler beginnen, die keinen Abschluss, einen Hauptschulabschluss oder h\u00f6here Schulabschl\u00fcsse besitzen. Es wird ein Lehrvertrag mit einem Ausbildungsbetrieb ben\u00f6tigt.<\/p>\n\n\n\n<h5 class=\"wp-block-heading\"><strong>Dauer der Ausbildung<\/strong><\/h5>\n\n\n\n<p>3 Jahre in Blockbeschulung.<\/p>\n\n\n\n<h5 class=\"wp-block-heading\"><strong>Perspektiven<\/strong><\/h5>\n\n\n\n<p>Nach dem erfolgreichen Abschluss ist eine weitere Ausbildung zum Tischler oder Holzmechaniker m\u00f6glich. Des Weiteren erhalten die Sch\u00fclerinnen und Sch\u00fcler, welche die duale Ausbildung ohne schulischen Abschluss begonnen haben, am Ende der Ausbildung einen erfolgreichen Hauptschulabschluss.<\/p>\n\n\n\n<h4 class=\"wp-block-heading\">Fachpraktiker f\u00fcr Lagerlogistik<\/h4>\n\n\n\n<h5 class=\"wp-block-heading\"><strong>Ziel\/Abschluss<\/strong><\/h5>\n\n\n\n<p>Hauptziel ist die Berufsausbildung zum Fachpraktiker f\u00fcr Lagerlogistik. Zum Abschluss kann die dazugeh\u00f6rige Schul- und IHK-Pr\u00fcfung abgelegt werden, die nach dem Bestehen der Pr\u00fcfung zum Facharbeiter f\u00fchrt.<\/p>\n\n\n\n<h5 class=\"wp-block-heading\"><strong>Zugangsvoraussetzungen<\/strong><\/h5>\n\n\n\n<p>Die duale Ausbildung k\u00f6nnen alle Sch\u00fclerinnen und Sch\u00fcler beginnen, die keinen Abschluss, einen Hauptschulabschluss oder h\u00f6here Schulabschl\u00fcsse besitzen. Es wird ein Lehrvertrag mit einem Ausbildungsbetrieb ben\u00f6tigt.<\/p>\n\n\n\n<h5 class=\"wp-block-heading\"><strong>Dauer der Ausbildung<\/strong><\/h5>\n\n\n\n<p>3 Jahre in Blockbeschulung.<\/p>\n\n\n\n<h5 class=\"wp-block-heading\"><strong>Perspektiven<\/strong><\/h5>\n\n\n\n<p>Nach dem erfolgreichen Abschluss ist eine weitere Ausbildung zum Fachlageristen oder zur Fachkraft f\u00fcr Lagerlogistik m\u00f6glich. Des Weiteren erhalten die Sch\u00fclerinnen und Sch\u00fcler, welche die duale Ausbildung ohne schulischen Abschluss begonnen haben, am Ende der Ausbildung einen erfolgreichen Hauptschulabschluss.<\/p>\n\n\n\n<h4 class=\"wp-block-heading\">Fachpraktiker B\u00fcrokommunikation<\/h4>\n\n\n\n<h5 class=\"wp-block-heading\"><strong>Ziel\/Abschluss<\/strong><\/h5>\n\n\n\n<p>Hauptziel ist die Berufsausbildung zum Fachpraktiker f\u00fcr Holzverarbeitung. Zum Abschluss kann die dazugeh\u00f6rige Schul- und IHK-Pr\u00fcfung abgelegt werden, die nach dem Bestehen der Pr\u00fcfung zum Facharbeiter f\u00fchrt.<\/p>\n\n\n\n<h5 class=\"wp-block-heading\"><strong>Zugangsvoraussetzungen<\/strong><\/h5>\n\n\n\n<p>Die duale Ausbildung k\u00f6nnen alle Sch\u00fclerinnen und Sch\u00fcler beginnen, die keinen Abschluss, einen Hauptschulabschluss oder h\u00f6here Schulabschl\u00fcsse besitzen. Es wird ein Lehrvertrag mit einem Ausbildungsbetrieb ben\u00f6tigt.<\/p>\n\n\n\n<h5 class=\"wp-block-heading\"><strong>Dauer der Ausbildung<\/strong><\/h5>\n\n\n\n<p>3 Jahre in Blockbeschulung.<\/p>\n\n\n\n<h5 class=\"wp-block-heading\"><strong>Perspektiven<\/strong><\/h5>\n\n\n\n<p>Nach dem erfolgreichen Abschluss ist eine weitere Ausbildung zur Kauffrau beziehungsweise zum Kaufmann f\u00fcr B\u00fcromanagement m\u00f6glich. Des Weiteren erhalten die Sch\u00fclerinnen und Sch\u00fcler, welche die duale Ausbildung ohne schulischen Abschluss begonnen haben, am Ende der Ausbildung einen erfolgreichen Hauptschulabschluss.<\/p>\n","protected":false},"excerpt":{"rendered":"<p>Gartenbauwerker Ziel\/Abschluss Hauptziel ist die Berufsausbildung zum Gartenbauwerker. Zum Abschluss kann die dazugeh\u00f6rige Schul- und IHK-Pr\u00fcfung abgelegt werden, die nach dem Bestehen der Pr\u00fcfung zum Facharbeiter f\u00fchrt. Zugangsvoraussetzungen Die duale Ausbildung k\u00f6nnen alle Sch\u00fclerinnen und Sch\u00fcler beginnen, die keinen Abschluss, einen Hauptschulabschluss oder h\u00f6here Schulabschl\u00fcsse besitzen. Es wird ein Lehrvertrag mit einem Ausbildungsbetrieb ben\u00f6tigt. Dauer [&hellip;]<\/p>\n","protected":false},"author":1,"featured_media":0,"parent":23,"menu_order":0,"comment_status":"closed","ping_status":"closed","template":"","meta":{"_acf_changed":false,"footnotes":""},"class_list":["post-108","page","type-page","status-publish","hentry"],"acf":[],"aioseo_notices":[],"jetpack_sharing_enabled":true,"_links":{"self":[{"href":"https:\/\/sbsz-hildburghausen.de\/index.php\/wp-json\/wp\/v2\/pages\/108","targetHints":{"allow":["GET"]}}],"collection":[{"href":"https:\/\/sbsz-hildburghausen.de\/index.php\/wp-json\/wp\/v2\/pages"}],"about":[{"href":"https:\/\/sbsz-hildburghausen.de\/index.php\/wp-json\/wp\/v2\/types\/page"}],"author":[{"embeddable":true,"href":"https:\/\/sbsz-hildburghausen.de\/index.php\/wp-json\/wp\/v2\/users\/1"}],"replies":[{"embeddable":true,"href":"https:\/\/sbsz-hildburghausen.de\/index.php\/wp-json\/wp\/v2\/comments?post=108"}],"version-history":[{"count":34,"href":"https:\/\/sbsz-hildburghausen.de\/index.php\/wp-json\/wp\/v2\/pages\/108\/revisions"}],"predecessor-version":[{"id":800,"href":"https:\/\/sbsz-hildburghausen.de\/index.php\/wp-json\/wp\/v2\/pages\/108\/revisions\/800"}],"up":[{"embeddable":true,"href":"https:\/\/sbsz-hildburghausen.de\/index.php\/wp-json\/wp\/v2\/pages\/23"}],"wp:attachment":[{"href":"https:\/\/sbsz-hildburghausen.de\/index.php\/wp-json\/wp\/v2\/media?parent=108"}],"curies":[{"name":"wp","href":"https:\/\/api.w.org\/{rel}","templated":true}]}}